CRAN Package Check Results for Package ndl

Last updated on 2022-05-18 18:52:27 CEST.

Flavor Version Tinstall Tcheck Ttotal Status Flags
r-devel-linux-x86_64-debian-clang 0.2.18 25.72 78.33 104.05 OK
r-devel-linux-x86_64-debian-gcc 0.2.18 19.63 60.61 80.24 OK
r-devel-linux-x86_64-fedora-clang 0.2.18 141.39 NOTE
r-devel-linux-x86_64-fedora-gcc 0.2.18 128.28 NOTE
r-devel-windows-x86_64 0.2.18 39.00 124.00 163.00 OK
r-patched-linux-x86_64 0.2.18 17.35 74.45 91.80 OK
r-release-linux-x86_64 0.2.18 16.37 73.85 90.22 OK
r-release-macos-arm64 0.2.18 41.00 NOTE
r-release-macos-x86_64 0.2.18 63.00 NOTE
r-release-windows-x86_64 0.2.18 41.00 122.00 163.00 OK
r-oldrel-macos-arm64 0.2.18 52.00 NOTE
r-oldrel-macos-x86_64 0.2.18 81.00 NOTE
r-oldrel-windows-ix86+x86_64 0.2.18 68.00 154.00 222.00 OK

Check Details

Version: 0.2.18
Check: data for non-ASCII characters
Result: NOTE
     Note: found 7332 marked UTF-8 strings
Flavors: r-devel-linux-x86_64-fedora-clang, r-devel-linux-x86_64-fedora-gcc, r-release-macos-arm64, r-release-macos-x86_64, r-oldrel-macos-arm64, r-oldrel-macos-x86_64