Last updated on 2022-05-21 20:50:19 CEST.
Flavor | Version | Tinstall | Tcheck | Ttotal | Status | Flags |
---|---|---|---|---|---|---|
r-devel-linux-x86_64-debian-clang | 0.1.3 | 27.65 | 46.04 | 73.69 | WARN | |
r-devel-linux-x86_64-debian-gcc | 0.1.3 | 22.69 | 34.43 | 57.12 | OK | |
r-devel-linux-x86_64-fedora-clang | 0.1.3 | 107.59 | WARN | |||
r-devel-linux-x86_64-fedora-gcc | 0.1.3 | 91.32 | OK | |||
r-devel-windows-x86_64 | 0.1.3 | 41.00 | 79.00 | 120.00 | OK | |
r-patched-linux-x86_64 | 0.1.3 | 24.04 | 43.58 | 67.62 | OK | |
r-release-linux-x86_64 | 0.1.3 | 23.34 | 43.13 | 66.47 | OK | |
r-release-macos-arm64 | 0.1.3 | 26.00 | OK | |||
r-release-macos-x86_64 | 0.1.3 | 37.00 | OK | |||
r-release-windows-x86_64 | 0.1.3 | 33.00 | 82.00 | 115.00 | OK | |
r-oldrel-macos-arm64 | 0.1.3 | 30.00 | OK | |||
r-oldrel-macos-x86_64 | 0.1.3 | 50.00 | OK | |||
r-oldrel-windows-ix86+x86_64 | 0.1.3 | 70.00 | 85.00 | 155.00 | OK |
Version: 0.1.3
Check: whether package can be installed
Result: WARN
Found the following significant warnings:
subsetAndUpdate.cpp:13:9: warning: use of bitwise '&' with boolean operands [-Wbitwise-instead-of-logical]
subsetAndUpdate.cpp:35:14: warning: use of bitwise '&' with boolean operands [-Wbitwise-instead-of-logical]
subsetAndUpdate.cpp:118:14: warning: use of bitwise '&' with boolean operands [-Wbitwise-instead-of-logical]
subsetAndUpdateTime.cpp:13:9: warning: use of bitwise '&' with boolean operands [-Wbitwise-instead-of-logical]
subsetAndUpdateTime.cpp:35:14: warning: use of bitwise '&' with boolean operands [-Wbitwise-instead-of-logical]
subsetAndUpdateTime.cpp:118:14: warning: use of bitwise '&' with boolean operands [-Wbitwise-instead-of-logical]
Flavors: r-devel-linux-x86_64-debian-clang, r-devel-linux-x86_64-fedora-clang