CRAN Package Check Results for Package neighbr

Last updated on 2022-05-16 05:50:17 CEST.

Flavor Version Tinstall Tcheck Ttotal Status Flags
r-devel-linux-x86_64-debian-clang 1.0.3 1.70 43.79 45.49 NOTE
r-devel-linux-x86_64-debian-gcc 1.0.3 1.91 33.47 35.38 NOTE
r-devel-linux-x86_64-fedora-clang 1.0.3 56.06 NOTE
r-devel-linux-x86_64-fedora-gcc 1.0.3 55.04 NOTE
r-devel-windows-x86_64 1.0.3 17.00 66.00 83.00 NOTE
r-patched-linux-x86_64 1.0.3 2.11 42.52 44.63 NOTE
r-release-linux-x86_64 1.0.3 1.87 42.51 44.38 NOTE
r-release-macos-arm64 1.0.3 18.00 NOTE
r-release-macos-x86_64 1.0.3 26.00 NOTE
r-release-windows-x86_64 1.0.3 20.00 69.00 89.00 NOTE
r-oldrel-macos-arm64 1.0.3 23.00 NOTE
r-oldrel-macos-x86_64 1.0.3 36.00 NOTE
r-oldrel-windows-ix86+x86_64 1.0.3 6.00 55.00 61.00 NOTE

Check Details

Version: 1.0.3
Check: LazyData
Result: NOTE
     'LazyData' is specified without a 'data' directory
Flavors: r-devel-linux-x86_64-debian-clang, r-devel-linux-x86_64-debian-gcc, r-devel-linux-x86_64-fedora-clang, r-devel-linux-x86_64-fedora-gcc, r-devel-windows-x86_64, r-patched-linux-x86_64, r-release-linux-x86_64, r-release-macos-arm64, r-release-macos-x86_64, r-release-windows-x86_64, r-oldrel-macos-arm64, r-oldrel-macos-x86_64, r-oldrel-windows-ix86+x86_64