CRAN Package Check Results for Package netjack

Last updated on 2022-05-21 20:50:19 CEST.

Flavor Version Tinstall Tcheck Ttotal Status Flags
r-devel-linux-x86_64-debian-clang 1.2.0 3.56 70.57 74.13 OK
r-devel-linux-x86_64-debian-gcc 1.2.0 3.45 52.46 55.91 OK
r-devel-linux-x86_64-fedora-clang 1.2.0 87.95 NOTE
r-devel-linux-x86_64-fedora-gcc 1.2.0 85.67 NOTE
r-devel-windows-x86_64 1.2.0 22.00 95.00 117.00 OK
r-patched-linux-x86_64 1.2.0 4.08 66.16 70.24 OK
r-release-linux-x86_64 1.2.0 3.19 66.80 69.99 OK
r-release-macos-arm64 1.2.0 28.00 NOTE
r-release-macos-x86_64 1.2.0 52.00 NOTE
r-release-windows-x86_64 1.2.0 26.00 99.00 125.00 OK
r-oldrel-macos-arm64 1.2.0 36.00 NOTE
r-oldrel-macos-x86_64 1.2.0 60.00 NOTE
r-oldrel-windows-ix86+x86_64 1.2.0 12.00 83.00 95.00 OK

Check Details

Version: 1.2.0
Check: dependencies in R code
Result: NOTE
    Namespace in Imports field not imported from: ‘Rdpack’
     All declared Imports should be used.
Flavors: r-devel-linux-x86_64-fedora-clang, r-devel-linux-x86_64-fedora-gcc, r-release-macos-arm64, r-release-macos-x86_64, r-oldrel-macos-arm64, r-oldrel-macos-x86_64