Last updated on 2022-05-25 04:55:31 CEST.
Flavor | Version | Tinstall | Tcheck | Ttotal | Status | Flags |
---|---|---|---|---|---|---|
r-devel-linux-x86_64-debian-clang | 1.1.1 | 181.82 | 110.83 | 292.65 | WARN | |
r-devel-linux-x86_64-debian-gcc | 1.1.1 | 134.23 | 86.41 | 220.64 | OK | |
r-devel-linux-x86_64-fedora-clang | 1.1.1 | 422.92 | WARN | |||
r-devel-linux-x86_64-fedora-gcc | 1.1.1 | 351.52 | OK | |||
r-devel-windows-x86_64 | 1.1.1 | 175.00 | 184.00 | 359.00 | OK | |
r-patched-linux-x86_64 | 1.1.1 | 140.68 | 106.86 | 247.54 | OK | |
r-release-linux-x86_64 | 1.1.1 | OK | ||||
r-release-macos-arm64 | 1.1.1 | 95.00 | NOTE | |||
r-release-macos-x86_64 | 1.1.1 | 124.00 | NOTE | |||
r-release-windows-x86_64 | 1.1.1 | 219.00 | 178.00 | 397.00 | OK | |
r-oldrel-macos-arm64 | 1.1.1 | 96.00 | NOTE | |||
r-oldrel-macos-x86_64 | 1.1.1 | 139.00 | NOTE | |||
r-oldrel-windows-ix86+x86_64 | 1.1.1 | 428.00 | 192.00 | 620.00 | OK |
Version: 1.1.1
Check: whether package can be installed
Result: WARN
Found the following significant warnings:
checkPairs.cpp:15:10: warning: use of bitwise '|' with boolean operands [-Wbitwise-instead-of-logical]
checkPairs.cpp:15:41: warning: use of bitwise '&' with boolean operands [-Wbitwise-instead-of-logical]
checkPairs.cpp:15:11: warning: use of bitwise '&' with boolean operands [-Wbitwise-instead-of-logical]
checkPairs.cpp:18:15: warning: use of bitwise '|' with boolean operands [-Wbitwise-instead-of-logical]
checkPairs.cpp:18:46: warning: use of bitwise '&' with boolean operands [-Wbitwise-instead-of-logical]
checkPairs.cpp:18:16: warning: use of bitwise '&' with boolean operands [-Wbitwise-instead-of-logical]
checkPairs.cpp:21:15: warning: use of bitwise '&' with boolean operands [-Wbitwise-instead-of-logical]
checkPairs.cpp:24:15: warning: use of bitwise '&' with boolean operands [-Wbitwise-instead-of-logical]
listingIdeals.cpp:50:12: warning: use of bitwise '&' with boolean operands [-Wbitwise-instead-of-logical]
Flavors: r-devel-linux-x86_64-debian-clang, r-devel-linux-x86_64-fedora-clang
Version: 1.1.1
Check: installed package size
Result: NOTE
installed size is 5.4Mb
sub-directories of 1Mb or more:
doc 1.0Mb
libs 4.0Mb
Flavors: r-devel-linux-x86_64-fedora-clang, r-release-macos-arm64, r-release-macos-x86_64, r-oldrel-macos-arm64, r-oldrel-macos-x86_64