CRAN Package Check Results for Package nettskjemar

Last updated on 2024-04-15 15:57:36 CEST.

Flavor Version Tinstall Tcheck Ttotal Status Flags
r-devel-linux-x86_64-debian-clang 0.1.4 7.23 66.11 73.34 NOTE
r-devel-linux-x86_64-debian-gcc 0.1.4 5.37 50.50 55.87 NOTE
r-devel-linux-x86_64-fedora-clang 0.1.4 92.97 NOTE
r-devel-linux-x86_64-fedora-gcc 0.1.4 102.73 NOTE
r-prerel-macos-arm64 0.1.4 38.00 NOTE
r-prerel-windows-x86_64 0.1.4 7.00 71.00 78.00 NOTE
r-patched-linux-x86_64 0.1.4 6.32 63.32 69.64 NOTE
r-release-linux-x86_64 0.1.4 4.18 60.22 64.40 OK
r-release-macos-arm64 0.1.4 35.00 OK
r-release-macos-x86_64 0.1.4 53.00 OK
r-release-windows-x86_64 0.1.4 11.00 77.00 88.00 OK
r-oldrel-macos-arm64 0.1.4 28.00 OK
r-oldrel-windows-x86_64 0.1.4 11.00 78.00 89.00 OK

Check Details

Version: 0.1.4
Check: Rd files
Result: NOTE checkRd: (-1) nettskjema_get_data.Rd:64-65: Lost braces in \itemize; meant \describe ? checkRd: (-1) nettskjema_get_data.Rd:66-67: Lost braces in \itemize; meant \describe ? checkRd: (-1) nettskjema_get_data.Rd:68-69: Lost braces in \itemize; meant \describe ? checkRd: (-1) nettskjema_token2renviron.Rd:32: Lost braces in \itemize; meant \describe ? checkRd: (-1) nettskjema_token2renviron.Rd:33: Lost braces in \itemize; meant \describe ? checkRd: (-1) nettskjema_token2renviron.Rd:34: Lost braces in \itemize; meant \describe ? checkRd: (-1) nettskjema_write_codebook.Rd:44: Lost braces in \itemize; meant \describe ? checkRd: (-1) nettskjema_write_codebook.Rd:45: Lost braces in \itemize; meant \describe ? Flavors: r-devel-linux-x86_64-debian-clang, r-devel-linux-x86_64-debian-gcc, r-devel-linux-x86_64-fedora-clang, r-devel-linux-x86_64-fedora-gcc, r-prerel-macos-arm64, r-prerel-windows-x86_64, r-patched-linux-x86_64