Last updated on 2022-05-24 06:50:47 CEST.
Flavor | Version | Tinstall | Tcheck | Ttotal | Status | Flags |
---|---|---|---|---|---|---|
r-devel-linux-x86_64-debian-clang | 0.4.0 | 1.73 | 33.05 | 34.78 | NOTE | |
r-devel-linux-x86_64-debian-gcc | 0.4.0 | 1.73 | 25.36 | 27.09 | NOTE | |
r-devel-linux-x86_64-fedora-clang | 0.4.0 | 43.74 | NOTE | |||
r-devel-linux-x86_64-fedora-gcc | 0.4.0 | 31.78 | NOTE | |||
r-devel-windows-x86_64 | 0.4.0 | 10.00 | 53.00 | 63.00 | NOTE | |
r-patched-linux-x86_64 | 0.4.0 | 2.58 | 31.66 | 34.24 | NOTE | |
r-release-linux-x86_64 | 0.4.0 | NOTE | ||||
r-release-macos-arm64 | 0.4.0 | 17.00 | NOTE | |||
r-release-macos-x86_64 | 0.4.0 | 22.00 | NOTE | |||
r-release-windows-x86_64 | 0.4.0 | 11.00 | 52.00 | 63.00 | NOTE | |
r-oldrel-macos-arm64 | 0.4.0 | 19.00 | NOTE | |||
r-oldrel-macos-x86_64 | 0.4.0 | 28.00 | NOTE | |||
r-oldrel-windows-ix86+x86_64 | 0.4.0 | 6.00 | 43.00 | 49.00 | NOTE |
Version: 0.4.0
Check: LazyData
Result: NOTE
'LazyData' is specified without a 'data' directory
Flavors: r-devel-linux-x86_64-debian-clang, r-devel-linux-x86_64-debian-gcc, r-devel-linux-x86_64-fedora-clang, r-devel-linux-x86_64-fedora-gcc, r-devel-windows-x86_64, r-patched-linux-x86_64, r-release-linux-x86_64, r-release-macos-arm64, r-release-macos-x86_64, r-release-windows-x86_64, r-oldrel-macos-arm64, r-oldrel-macos-x86_64, r-oldrel-windows-ix86+x86_64