Last updated on 2022-05-17 11:49:45 CEST.
Flavor | Version | Tinstall | Tcheck | Ttotal | Status | Flags |
---|---|---|---|---|---|---|
r-devel-linux-x86_64-debian-clang | 0.3.5 | 38.46 | 364.51 | 402.97 | OK | |
r-devel-linux-x86_64-debian-gcc | 0.3.5 | 28.05 | 270.14 | 298.19 | OK | |
r-devel-linux-x86_64-fedora-clang | 0.3.5 | 506.72 | OK | |||
r-devel-linux-x86_64-fedora-gcc | 0.3.5 | 486.70 | OK | |||
r-devel-windows-x86_64 | 0.3.5 | 45.00 | 356.00 | 401.00 | OK | |
r-patched-linux-x86_64 | 0.3.5 | 39.37 | 343.45 | 382.82 | OK | |
r-release-linux-x86_64 | 0.3.5 | 32.10 | 337.53 | 369.63 | OK | |
r-release-macos-arm64 | 0.3.5 | 127.00 | OK | |||
r-release-macos-x86_64 | 0.3.5 | 214.00 | OK | |||
r-release-windows-x86_64 | 0.3.5 | 51.00 | 351.00 | 402.00 | OK | |
r-oldrel-macos-arm64 | 0.3.5 | 162.00 | OK | |||
r-oldrel-macos-x86_64 | 0.3.5 | 188.00 | NOTE | |||
r-oldrel-windows-ix86+x86_64 | 0.3.5 | 74.00 | 345.00 | 419.00 | OK |
Version: 0.3.5
Check: package dependencies
Result: NOTE
Package suggested but not available for checking: ‘ALL’
Flavor: r-oldrel-macos-x86_64