Last updated on 2023-03-28 03:54:08 CEST.
Flavor | Version | Tinstall | Tcheck | Ttotal | Status | Flags |
---|---|---|---|---|---|---|
r-devel-linux-x86_64-debian-clang | 2.0.9 | 0.68 | 1.88 | 2.56 | ERROR | |
r-devel-linux-x86_64-debian-gcc | 2.0.9 | 0.48 | 1.38 | 1.86 | ERROR | |
r-devel-linux-x86_64-fedora-clang | 2.0.9 | 1.87 | ERROR | |||
r-devel-linux-x86_64-fedora-gcc | 2.0.9 | 1.86 | ERROR | |||
r-patched-linux-x86_64 | 2.0.9 | 0.54 | 1.85 | 2.39 | ERROR | |
r-release-linux-x86_64 | 2.0.9 | 0.40 | 2.68 | 3.08 | ERROR | |
r-release-macos-arm64 | 2.0.9 | 35.00 | OK | |||
r-release-macos-x86_64 | 2.0.9 | 66.00 | OK | |||
r-release-windows-x86_64 | 2.0.9 | 23.00 | 9.00 | 32.00 | ERROR | |
r-oldrel-macos-arm64 | 2.0.9 | 49.00 | OK | |||
r-oldrel-macos-x86_64 | 2.0.9 | 70.00 | OK | |||
r-oldrel-windows-ix86+x86_64 | 2.0.9 | 29.00 | 163.00 | 192.00 | OK |
Version: 2.0.9
Check: package dependencies
Result: ERROR
Packages required but not available:
'nlmixr2est', 'nlmixr2extra', 'rxode2', 'nlmixr2plot'
See section ‘The DESCRIPTION file’ in the ‘Writing R Extensions’
manual.
Flavors: r-devel-linux-x86_64-debian-clang, r-devel-linux-x86_64-debian-gcc, r-devel-linux-x86_64-fedora-clang, r-devel-linux-x86_64-fedora-gcc, r-patched-linux-x86_64, r-release-linux-x86_64
Version: 2.0.9
Check: whether package can be installed
Result: ERROR
Installation failed.
Flavor: r-release-windows-x86_64