Last updated on 2023-02-02 17:53:57 CET.
Flavor | Version | Tinstall | Tcheck | Ttotal | Status | Flags |
---|---|---|---|---|---|---|
r-devel-linux-x86_64-debian-clang | 2.0.8 | 42.38 | 110.40 | 152.78 | NOTE | |
r-devel-linux-x86_64-debian-gcc | 2.0.8 | 31.72 | 80.80 | 112.52 | NOTE | |
r-devel-linux-x86_64-fedora-clang | 2.0.8 | 206.60 | NOTE | |||
r-devel-linux-x86_64-fedora-gcc | 2.0.8 | 206.28 | NOTE | |||
r-patched-linux-x86_64 | 2.0.8 | 33.14 | 103.75 | 136.89 | OK | |
r-release-linux-x86_64 | 2.0.8 | 32.46 | 107.51 | 139.97 | OK | |
r-release-macos-arm64 | 2.0.8 | 44.00 | OK | |||
r-release-macos-x86_64 | 2.0.8 | 71.00 | OK | |||
r-release-windows-x86_64 | 2.0.8 | 96.00 | 170.00 | 266.00 | OK | |
r-oldrel-macos-arm64 | 2.0.8 | 47.00 | OK | |||
r-oldrel-macos-x86_64 | 2.0.8 | 71.00 | OK | |||
r-oldrel-windows-ix86+x86_64 | 2.0.8 | 99.00 | 178.00 | 277.00 | OK |
Version: 2.0.8
Check: C++ specification
Result: NOTE
Specified C++11: please update to current default of C++17
Flavors: r-devel-linux-x86_64-debian-clang, r-devel-linux-x86_64-debian-gcc, r-devel-linux-x86_64-fedora-clang, r-devel-linux-x86_64-fedora-gcc