Last updated on 2023-03-20 11:53:54 CET.
Flavor | Version | Tinstall | Tcheck | Ttotal | Status | Flags |
---|---|---|---|---|---|---|
r-devel-linux-x86_64-debian-clang | 2.0.7 | OK | ||||
r-devel-linux-x86_64-debian-gcc | 2.0.7 | 0.44 | 1.34 | 1.78 | ERROR | |
r-devel-linux-x86_64-fedora-clang | 2.0.7 | 1.86 | ERROR | |||
r-devel-linux-x86_64-fedora-gcc | 2.0.7 | 1.88 | ERROR | |||
r-patched-linux-x86_64 | 2.0.7 | 0.42 | 2.85 | 3.27 | ERROR | |
r-release-linux-x86_64 | 2.0.7 | 0.33 | 2.83 | 3.16 | ERROR | |
r-release-macos-arm64 | 2.0.7 | 66.00 | OK | |||
r-release-macos-x86_64 | 2.0.7 | 98.00 | OK | |||
r-release-windows-x86_64 | 2.0.7 | 38.00 | 226.00 | 264.00 | OK | |
r-oldrel-macos-arm64 | 2.0.7 | 68.00 | OK | |||
r-oldrel-macos-x86_64 | 2.0.7 | 98.00 | OK | |||
r-oldrel-windows-ix86+x86_64 | 2.0.7 | 26.00 | 232.00 | 258.00 | OK |
Version: 2.0.7
Check: package dependencies
Result: ERROR
Packages required but not available: 'nlmixr2est', 'nlmixr2extra', 'rxode2'
See section ‘The DESCRIPTION file’ in the ‘Writing R Extensions’
manual.
Flavors: r-devel-linux-x86_64-debian-gcc, r-devel-linux-x86_64-fedora-clang, r-devel-linux-x86_64-fedora-gcc, r-patched-linux-x86_64, r-release-linux-x86_64