CRAN Package Check Results for Package nloptr

Last updated on 2022-09-30 16:51:11 CEST.

Flavor Version Tinstall Tcheck Ttotal Status Flags
r-devel-linux-x86_64-debian-clang 2.0.3 30.26 47.56 77.82 OK
r-devel-linux-x86_64-debian-gcc 2.0.3 23.72 35.88 59.60 OK
r-devel-linux-x86_64-fedora-clang 2.0.3 111.01 OK
r-devel-linux-x86_64-fedora-gcc 2.0.3 120.10 OK
r-devel-windows-x86_64 2.0.3 38.00 118.00 156.00 OK
r-patched-linux-x86_64 2.0.3 31.74 44.68 76.42 OK
r-release-linux-x86_64 2.0.3 22.25 44.32 66.57 OK
r-release-macos-arm64 2.0.3 53.00 NOTE
r-release-macos-x86_64 2.0.3 51.00 NOTE
r-release-windows-x86_64 2.0.3 144.00 108.00 252.00 OK
r-oldrel-macos-arm64 2.0.3 53.00 NOTE
r-oldrel-macos-x86_64 2.0.3 53.00 NOTE
r-oldrel-windows-ix86+x86_64 2.0.3 66.00 117.00 183.00 OK

Check Details

Version: 2.0.3
Check: installed package size
Result: NOTE
     installed size is 6.1Mb
     sub-directories of 1Mb or more:
     libs 5.7Mb
Flavors: r-release-macos-arm64, r-release-macos-x86_64, r-oldrel-macos-arm64, r-oldrel-macos-x86_64