Last updated on 2022-05-19 07:50:15 CEST.
Flavor | Version | Tinstall | Tcheck | Ttotal | Status | Flags |
---|---|---|---|---|---|---|
r-devel-linux-x86_64-debian-clang | 0.5-8 | 18.83 | 144.89 | 163.72 | NOTE | |
r-devel-linux-x86_64-debian-gcc | 0.5-8 | 14.82 | 106.14 | 120.96 | NOTE | |
r-devel-linux-x86_64-fedora-clang | 0.5-8 | 190.80 | NOTE | |||
r-devel-linux-x86_64-fedora-gcc | 0.5-8 | 198.66 | NOTE | |||
r-devel-windows-x86_64 | 0.5-8 | 26.00 | 145.00 | 171.00 | NOTE | |
r-patched-linux-x86_64 | 0.5-8 | 19.26 | 135.94 | 155.20 | NOTE | |
r-release-linux-x86_64 | 0.5-8 | 10.88 | 133.40 | 144.28 | NOTE | |
r-release-macos-arm64 | 0.5-8 | 57.00 | NOTE | |||
r-release-macos-x86_64 | 0.5-8 | 89.00 | NOTE | |||
r-release-windows-x86_64 | 0.5-8 | 30.00 | 150.00 | 180.00 | NOTE | |
r-oldrel-macos-arm64 | 0.5-8 | 58.00 | NOTE | |||
r-oldrel-macos-x86_64 | 0.5-8 | 90.00 | NOTE | |||
r-oldrel-windows-ix86+x86_64 | 0.5-8 | 40.00 | 146.00 | 186.00 | NOTE |
Version: 0.5-8
Check: package dependencies
Result: NOTE
Depends: includes the non-default packages:
'lpSolve', 'gdata', 'Hmisc', 'rms', 'geometry', 'psych', 'pwt'
Adding so many packages to the search path is excessive and importing
selectively is preferable.
Flavors: r-devel-linux-x86_64-debian-clang, r-devel-linux-x86_64-debian-gcc, r-devel-linux-x86_64-fedora-clang, r-devel-linux-x86_64-fedora-gcc, r-devel-windows-x86_64, r-patched-linux-x86_64, r-release-linux-x86_64, r-release-macos-arm64, r-release-macos-x86_64, r-release-windows-x86_64, r-oldrel-macos-arm64, r-oldrel-macos-x86_64, r-oldrel-windows-ix86+x86_64
Version: 0.5-8
Check: dependencies in R code
Result: NOTE
'library' or 'require' calls to packages already attached by Depends:
'Hmisc' 'gdata' 'geometry' 'lpSolve' 'psych' 'rms'
Please remove these calls from your code.
Packages in Depends field not imported from:
'Hmisc' 'gdata' 'geometry' 'lpSolve' 'psych' 'pwt' 'rms'
These packages need to be imported from (in the NAMESPACE file)
for when this namespace is loaded but not attached.
Flavors: r-devel-linux-x86_64-debian-clang, r-devel-linux-x86_64-debian-gcc, r-devel-linux-x86_64-fedora-clang, r-devel-linux-x86_64-fedora-gcc, r-devel-windows-x86_64, r-patched-linux-x86_64, r-release-linux-x86_64, r-release-macos-arm64, r-release-macos-x86_64, r-release-windows-x86_64, r-oldrel-macos-arm64, r-oldrel-macos-x86_64, r-oldrel-windows-ix86+x86_64
Version: 0.5-8
Check: R code for possible problems
Result: NOTE
additive: no visible global function definition for 'lp'
ar.dual.dea: no visible global function definition for 'lp'
cost.dea: no visible global function definition for 'lp'
ddf: no visible global function definition for 'lp'
dea: no visible global function definition for 'lp'
direc.dea: no visible global function definition for 'lp'
dual.dea: no visible global function definition for 'lp'
effdea.b.f: no visible global function definition for 'convhulln'
effdea.b.f: no visible global function definition for 'lp'
faremalm2: no visible binding for global variable 'Lag'
faremalm2: no visible global function definition for 'na.omit'
int.dea: no visible global function definition for 'lp'
lp2: no visible global function definition for 'lp'
revenue.dea: no visible global function definition for 'lp'
sbm.tone: no visible global function definition for 'lp'
sbm.vrs: no visible global function definition for 'lp'
Undefined global functions or variables:
Lag convhulln lp na.omit
Consider adding
importFrom("stats", "na.omit")
to your NAMESPACE file.
Flavors: r-devel-linux-x86_64-debian-clang, r-devel-linux-x86_64-debian-gcc, r-devel-linux-x86_64-fedora-clang, r-devel-linux-x86_64-fedora-gcc, r-devel-windows-x86_64, r-patched-linux-x86_64, r-release-linux-x86_64, r-release-macos-arm64, r-release-macos-x86_64, r-release-windows-x86_64, r-oldrel-macos-arm64, r-oldrel-macos-x86_64, r-oldrel-windows-ix86+x86_64