Last updated on 2023-03-20 12:51:17 CET.
Flavor | Version | Tinstall | Tcheck | Ttotal | Status | Flags |
---|---|---|---|---|---|---|
r-devel-linux-x86_64-debian-clang | 1.0.11 | NOTE | ||||
r-devel-linux-x86_64-debian-gcc | 1.0.11 | 11.03 | 84.78 | 95.81 | NOTE | |
r-devel-linux-x86_64-fedora-clang | 1.0.11 | 158.07 | NOTE | |||
r-devel-linux-x86_64-fedora-gcc | 1.0.11 | 154.92 | NOTE | |||
r-patched-linux-x86_64 | 1.0.11 | 9.90 | 105.59 | 115.49 | OK | |
r-release-linux-x86_64 | 1.0.11 | 11.20 | 102.11 | 113.31 | OK | |
r-release-macos-arm64 | 1.0.11 | 44.00 | OK | |||
r-release-macos-x86_64 | 1.0.11 | 72.00 | OK | |||
r-release-windows-x86_64 | 1.0.11 | 32.00 | 124.00 | 156.00 | OK | |
r-oldrel-macos-arm64 | 1.0.11 | 55.00 | OK | |||
r-oldrel-macos-x86_64 | 1.0.11 | 56.00 | OK | |||
r-oldrel-windows-ix86+x86_64 | 1.0.11 | 28.00 | 124.00 | 152.00 | OK |
Version: 1.0.11
Check: package subdirectories
Result: NOTE
Problems with news in ‘NEWS.md’:
No news entries found.
Flavors: r-devel-linux-x86_64-debian-clang, r-devel-linux-x86_64-debian-gcc, r-devel-linux-x86_64-fedora-clang, r-devel-linux-x86_64-fedora-gcc