CRAN Package Check Results for Package nucim

Last updated on 2024-04-23 21:54:52 CEST.

Flavor Version Tinstall Tcheck Ttotal Status Flags
r-devel-linux-x86_64-debian-clang 1.0.11 13.07 104.33 117.40 NOTE
r-devel-linux-x86_64-debian-gcc 1.0.11 8.67 74.26 82.93 NOTE
r-devel-linux-x86_64-fedora-clang 1.0.11 141.23 NOTE
r-devel-linux-x86_64-fedora-gcc 1.0.11 147.29 NOTE
r-prerel-macos-arm64 1.0.11 45.00 NOTE
r-prerel-macos-x86_64 1.0.11 80.00 NOTE
r-prerel-windows-x86_64 1.0.11 12.00 89.00 101.00 NOTE
r-patched-linux-x86_64 1.0.11 11.41 95.25 106.66 NOTE
r-release-linux-x86_64 1.0.11 7.11 96.67 103.78 NOTE
r-release-macos-arm64 1.0.11 71.00 NOTE
r-release-macos-x86_64 1.0.11 87.00 NOTE
r-release-windows-x86_64 1.0.11 13.00 105.00 118.00 NOTE
r-oldrel-macos-arm64 1.0.11 44.00 OK
r-oldrel-windows-x86_64 1.0.11 13.00 101.00 114.00 OK

Check Details

Version: 1.0.11
Check: package subdirectories
Result: NOTE Problems with news in ‘NEWS.md’: No news entries found. Flavors: r-devel-linux-x86_64-debian-clang, r-devel-linux-x86_64-debian-gcc, r-devel-linux-x86_64-fedora-clang, r-devel-linux-x86_64-fedora-gcc, r-prerel-macos-arm64, r-prerel-macos-x86_64, r-prerel-windows-x86_64, r-patched-linux-x86_64, r-release-linux-x86_64, r-release-macos-arm64, r-release-macos-x86_64, r-release-windows-x86_64