CRAN Package Check Results for Package nullabor

Last updated on 2022-05-20 07:49:25 CEST.

Flavor Version Tinstall Tcheck Ttotal Status Flags
r-devel-linux-x86_64-debian-clang 0.3.9 11.50 540.57 552.07 OK
r-devel-linux-x86_64-debian-gcc 0.3.9 9.60 406.89 416.49 OK
r-devel-linux-x86_64-fedora-clang 0.3.9 638.43 NOTE
r-devel-linux-x86_64-fedora-gcc 0.3.9 625.20 NOTE
r-devel-windows-x86_64 0.3.9 39.00 539.00 578.00 OK
r-patched-linux-x86_64 0.3.9 11.62 510.93 522.55 OK
r-release-linux-x86_64 0.3.9 10.57 499.52 510.09 OK
r-release-macos-arm64 0.3.9 106.00 NOTE
r-release-macos-x86_64 0.3.9 275.00 NOTE
r-release-windows-x86_64 0.3.9 37.00 564.00 601.00 OK
r-oldrel-macos-arm64 0.3.9 166.00 NOTE
r-oldrel-macos-x86_64 0.3.9 236.00 NOTE
r-oldrel-windows-ix86+x86_64 0.3.9 27.00 187.00 214.00 OK

Check Details

Version: 0.3.9
Check: dependencies in R code
Result: NOTE
    Namespaces in Imports field not imported from:
     ‘forecast’ ‘rlang’ ‘tsibble’ ‘viridis’
     All declared Imports should be used.
Flavors: r-devel-linux-x86_64-fedora-clang, r-devel-linux-x86_64-fedora-gcc, r-release-macos-arm64, r-release-macos-x86_64, r-oldrel-macos-arm64, r-oldrel-macos-x86_64