CRAN Package Check Results for Package numKM

Last updated on 2022-01-21 19:48:43 CET.

Flavor Version Tinstall Tcheck Ttotal Status Flags
r-devel-linux-x86_64-debian-clang 0.2.0 4.72 64.66 69.38 NOTE
r-devel-linux-x86_64-debian-gcc 0.2.0 6.02 51.06 57.08 NOTE
r-devel-linux-x86_64-fedora-clang 0.2.0 89.00 NOTE
r-devel-linux-x86_64-fedora-gcc 0.2.0 75.75 NOTE
r-devel-windows-x86_64-new-UL 0.2.0 16.00 80.00 96.00 NOTE
r-devel-windows-x86_64-new-TK 0.2.0 NOTE
r-patched-linux-x86_64 0.2.0 6.88 63.89 70.77 NOTE
r-release-linux-x86_64 0.2.0 5.34 63.72 69.06 NOTE
r-release-macos-arm64 0.2.0 NOTE
r-release-macos-x86_64 0.2.0 NOTE
r-release-windows-ix86+x86_64 0.2.0 16.00 77.00 93.00 NOTE
r-oldrel-macos-x86_64 0.2.0 OK
r-oldrel-windows-ix86+x86_64 0.2.0 17.00 72.00 89.00 OK

Check Details

Version: 0.2.0
Check: LazyData
Result: NOTE
     'LazyData' is specified without a 'data' directory
Flavors: r-devel-linux-x86_64-debian-clang, r-devel-linux-x86_64-debian-gcc, r-devel-linux-x86_64-fedora-clang, r-devel-linux-x86_64-fedora-gcc, r-devel-windows-x86_64-new-UL, r-devel-windows-x86_64-new-TK, r-patched-linux-x86_64, r-release-linux-x86_64, r-release-macos-arm64, r-release-macos-x86_64, r-release-windows-ix86+x86_64