Last updated on 2022-05-19 22:54:16 CEST.
Flavor | Version | Tinstall | Tcheck | Ttotal | Status | Flags |
---|---|---|---|---|---|---|
r-devel-linux-x86_64-debian-clang | 1.0.2 | 20.52 | 69.56 | 90.08 | OK | |
r-devel-linux-x86_64-debian-gcc | 1.0.2 | 17.39 | 55.25 | 72.64 | OK | |
r-devel-linux-x86_64-fedora-clang | 1.0.2 | 120.70 | OK | |||
r-devel-linux-x86_64-fedora-gcc | 1.0.2 | 110.29 | OK | |||
r-devel-windows-x86_64 | 1.0.2 | 28.00 | 86.00 | 114.00 | OK | |
r-patched-linux-x86_64 | 1.0.2 | 16.19 | 67.00 | 83.19 | OK | |
r-release-linux-x86_64 | 1.0.2 | 19.14 | 69.26 | 88.40 | OK | |
r-release-macos-arm64 | 1.0.2 | 46.00 | NOTE | |||
r-release-macos-x86_64 | 1.0.2 | 51.00 | OK | |||
r-release-windows-x86_64 | 1.0.2 | 30.00 | 88.00 | 118.00 | OK | |
r-oldrel-macos-arm64 | 1.0.2 | 47.00 | NOTE | |||
r-oldrel-macos-x86_64 | 1.0.2 | 77.00 | OK | |||
r-oldrel-windows-ix86+x86_64 | 1.0.2 | 34.00 | 81.00 | 115.00 | OK |
Version: 1.0.2
Check: installed package size
Result: NOTE
installed size is 5.1Mb
sub-directories of 1Mb or more:
data 5.0Mb
Flavors: r-release-macos-arm64, r-oldrel-macos-arm64