CRAN Package Check Results for Package obfuscatoR

Last updated on 2022-05-23 08:51:25 CEST.

Flavor Version Tinstall Tcheck Ttotal Status Flags
r-devel-linux-x86_64-debian-clang 0.2.1 2.97 43.04 46.01 NOTE
r-devel-linux-x86_64-debian-gcc 0.2.1 2.06 33.18 35.24 NOTE
r-devel-linux-x86_64-fedora-clang 0.2.1 55.98 NOTE
r-devel-linux-x86_64-fedora-gcc 0.2.1 41.75 NOTE
r-devel-windows-x86_64 0.2.1 28.00 63.00 91.00 NOTE
r-patched-linux-x86_64 0.2.1 3.37 41.56 44.93 NOTE
r-release-linux-x86_64 0.2.1 NOTE
r-release-macos-arm64 0.2.1 22.00 NOTE
r-release-macos-x86_64 0.2.1 36.00 NOTE
r-release-windows-x86_64 0.2.1 31.00 63.00 94.00 NOTE
r-oldrel-macos-arm64 0.2.1 27.00 NOTE
r-oldrel-macos-x86_64 0.2.1 35.00 NOTE
r-oldrel-windows-ix86+x86_64 0.2.1 9.00 53.00 62.00 NOTE

Check Details

Version: 0.2.1
Check: LazyData
Result: NOTE
     'LazyData' is specified without a 'data' directory
Flavors: r-devel-linux-x86_64-debian-clang, r-devel-linux-x86_64-debian-gcc, r-devel-linux-x86_64-fedora-clang, r-devel-linux-x86_64-fedora-gcc, r-devel-windows-x86_64, r-patched-linux-x86_64, r-release-linux-x86_64, r-release-macos-arm64, r-release-macos-x86_64, r-release-windows-x86_64, r-oldrel-macos-arm64, r-oldrel-macos-x86_64, r-oldrel-windows-ix86+x86_64