CRAN Package Check Results for Package observer

Last updated on 2024-05-23 00:59:15 CEST.

Flavor Version Tinstall Tcheck Ttotal Status Flags
r-devel-linux-x86_64-debian-clang 0.1.2 6.08 52.95 59.03 NOTE
r-devel-linux-x86_64-debian-gcc 0.1.2 3.92 40.39 44.31 NOTE
r-devel-linux-x86_64-fedora-clang 0.1.2 72.72 NOTE
r-devel-linux-x86_64-fedora-gcc 0.1.2 84.85 NOTE
r-devel-windows-x86_64 0.1.2 6.00 58.00 64.00 NOTE
r-patched-linux-x86_64 0.1.2 4.73 50.83 55.56 NOTE
r-release-linux-x86_64 0.1.2 5.32 51.03 56.35 NOTE
r-release-macos-arm64 0.1.2 30.00 NOTE
r-release-windows-x86_64 0.1.2 6.00 58.00 64.00 NOTE
r-oldrel-macos-arm64 0.1.2 32.00 NOTE
r-oldrel-macos-x86_64 0.1.2 48.00 NOTE
r-oldrel-windows-x86_64 0.1.2 7.00 59.00 66.00 NOTE

Check Details

Version: 0.1.2
Check: Rd cross-references
Result: NOTE Unknown package ‘ensurer’ in Rd xrefs Flavors: r-devel-linux-x86_64-debian-clang, r-devel-linux-x86_64-debian-gcc, r-devel-linux-x86_64-fedora-gcc, r-patched-linux-x86_64, r-release-linux-x86_64

Version: 0.1.2
Check: LazyData
Result: NOTE 'LazyData' is specified without a 'data' directory Flavors: r-devel-linux-x86_64-debian-clang, r-devel-linux-x86_64-debian-gcc, r-devel-linux-x86_64-fedora-clang, r-devel-linux-x86_64-fedora-gcc, r-devel-windows-x86_64, r-patched-linux-x86_64, r-release-linux-x86_64, r-release-macos-arm64, r-release-windows-x86_64, r-oldrel-macos-arm64, r-oldrel-macos-x86_64, r-oldrel-windows-x86_64

Version: 0.1.2
Check: Rd cross-references
Result: NOTE Undeclared packages ‘ensurer’, ‘validate’ in Rd xrefs Unknown package ‘ensurer’ in Rd xrefs Flavor: r-devel-linux-x86_64-fedora-clang