Last updated on 2023-02-04 09:56:39 CET.
Flavor | Version | Tinstall | Tcheck | Ttotal | Status | Flags |
---|---|---|---|---|---|---|
r-devel-linux-x86_64-debian-clang | 0.5.6 | 13.73 | 133.11 | 146.84 | OK | |
r-devel-linux-x86_64-debian-gcc | 0.5.6 | 9.46 | 98.80 | 108.26 | OK | |
r-devel-linux-x86_64-fedora-clang | 0.5.6 | 217.16 | NOTE | |||
r-devel-linux-x86_64-fedora-gcc | 0.5.6 | 226.68 | NOTE | |||
r-devel-windows-x86_64 | 0.5.6 | 46.00 | 230.00 | 276.00 | OK | |
r-patched-linux-x86_64 | 0.5.6 | 17.80 | 129.66 | 147.46 | OK | |
r-release-linux-x86_64 | 0.5.6 | 10.57 | 152.62 | 163.19 | OK | |
r-release-macos-arm64 | 0.5.6 | 463.00 | NOTE | |||
r-release-macos-x86_64 | 0.5.6 | 498.00 | NOTE | |||
r-release-windows-x86_64 | 0.5.6 | 63.00 | 238.00 | 301.00 | OK | |
r-oldrel-macos-arm64 | 0.5.6 | 469.00 | NOTE | |||
r-oldrel-macos-x86_64 | 0.5.6 | 497.00 | NOTE | |||
r-oldrel-windows-ix86+x86_64 | 0.5.6 | 30.00 | 242.00 | 272.00 | OK |
Version: 0.5.6
Check: dependencies in R code
Result: NOTE
Namespace in Imports field not imported from: ‘httr’
All declared Imports should be used.
Flavors: r-devel-linux-x86_64-fedora-clang, r-devel-linux-x86_64-fedora-gcc, r-release-macos-arm64, r-release-macos-x86_64, r-oldrel-macos-arm64, r-oldrel-macos-x86_64
Version: 0.5.6
Check: data for non-ASCII characters
Result: NOTE
Note: found 7 marked UTF-8 strings
Flavors: r-devel-linux-x86_64-fedora-clang, r-devel-linux-x86_64-fedora-gcc, r-release-macos-arm64, r-release-macos-x86_64, r-oldrel-macos-arm64, r-oldrel-macos-x86_64