Last updated on 2022-05-19 21:50:29 CEST.
Flavor | Version | Tinstall | Tcheck | Ttotal | Status | Flags |
---|---|---|---|---|---|---|
r-devel-linux-x86_64-debian-clang | 1.7-3 | 272.92 | 568.89 | 841.81 | OK | |
r-devel-linux-x86_64-debian-gcc | 1.7-3 | 192.01 | 413.79 | 605.80 | OK | |
r-devel-linux-x86_64-fedora-clang | 1.7-3 | 1086.55 | NOTE | |||
r-devel-linux-x86_64-fedora-gcc | 1.7-3 | 688.64 | OK | |||
r-devel-windows-x86_64 | 1.7-3 | 411.00 | 659.00 | 1070.00 | NOTE | |
r-patched-linux-x86_64 | 1.7-3 | 247.39 | 537.78 | 785.17 | OK | |
r-release-linux-x86_64 | 1.7-3 | 207.79 | 525.39 | 733.18 | OK | |
r-release-macos-arm64 | 1.7-3 | 264.00 | NOTE | |||
r-release-macos-x86_64 | 1.7-3 | 350.00 | NOTE | |||
r-release-windows-x86_64 | 1.7-3 | 423.00 | 691.00 | 1114.00 | NOTE | |
r-oldrel-macos-arm64 | 1.7-3 | 269.00 | NOTE | |||
r-oldrel-macos-x86_64 | 1.7-3 | 343.00 | NOTE | |||
r-oldrel-windows-ix86+x86_64 | 1.7-3 | 382.00 | 672.00 | 1054.00 | NOTE |
Version: 1.7-3
Check: installed package size
Result: NOTE
installed size is 11.9Mb
sub-directories of 1Mb or more:
R 2.6Mb
data 1.0Mb
doc 2.0Mb
help 2.9Mb
libs 2.6Mb
Flavors: r-devel-linux-x86_64-fedora-clang, r-devel-windows-x86_64, r-release-macos-arm64, r-release-macos-x86_64, r-release-windows-x86_64, r-oldrel-macos-arm64, r-oldrel-macos-x86_64, r-oldrel-windows-ix86+x86_64