CRAN Package Check Results for Package oddstream

Last updated on 2022-05-26 06:55:47 CEST.

Flavor Version Tinstall Tcheck Ttotal Status Flags
r-devel-linux-x86_64-debian-clang 0.5.0 17.85 141.83 159.68 OK
r-devel-linux-x86_64-debian-gcc 0.5.0 15.96 120.98 136.94 OK
r-devel-linux-x86_64-fedora-clang 0.5.0 186.78 NOTE
r-devel-linux-x86_64-fedora-gcc 0.5.0 168.30 NOTE
r-devel-windows-x86_64 0.5.0 29.00 141.00 170.00 OK
r-patched-linux-x86_64 0.5.0 14.86 131.91 146.77 OK
r-release-linux-x86_64 0.5.0 OK
r-release-macos-arm64 0.5.0 48.00 NOTE
r-release-macos-x86_64 0.5.0 88.00 NOTE
r-release-windows-x86_64 0.5.0 30.00 134.00 164.00 OK
r-oldrel-macos-arm64 0.5.0 52.00 NOTE
r-oldrel-macos-x86_64 0.5.0 74.00 NOTE
r-oldrel-windows-ix86+x86_64 0.5.0 36.00 141.00 177.00 OK

Check Details

Version: 0.5.0
Check: dependencies in R code
Result: NOTE
    Namespaces in Imports field not imported from:
     ‘RColorBrewer’ ‘graphics’
     All declared Imports should be used.
Flavors: r-devel-linux-x86_64-fedora-clang, r-devel-linux-x86_64-fedora-gcc, r-release-macos-arm64, r-release-macos-x86_64, r-oldrel-macos-arm64, r-oldrel-macos-x86_64