Last updated on 2023-02-08 16:52:16 CET.
Flavor | Version | Tinstall | Tcheck | Ttotal | Status | Flags |
---|---|---|---|---|---|---|
r-devel-linux-x86_64-debian-clang | 0.1.0 | 47.45 | 29.57 | 77.02 | NOTE | |
r-devel-linux-x86_64-debian-gcc | 0.1.0 | 37.15 | 22.71 | 59.86 | NOTE | |
r-devel-linux-x86_64-fedora-clang | 0.1.0 | 108.99 | NOTE | |||
r-devel-linux-x86_64-fedora-gcc | 0.1.0 | 104.74 | NOTE | |||
r-devel-windows-x86_64 | 0.1.0 | 50.00 | 79.00 | 129.00 | NOTE | |
r-patched-linux-x86_64 | 0.1.0 | 37.01 | 28.48 | 65.49 | OK | |
r-release-linux-x86_64 | 0.1.0 | 41.02 | 27.54 | 68.56 | OK | |
r-release-macos-arm64 | 0.1.0 | 31.00 | OK | |||
r-release-macos-x86_64 | 0.1.0 | 38.00 | OK | |||
r-release-windows-x86_64 | 0.1.0 | 49.00 | 101.00 | 150.00 | OK | |
r-oldrel-macos-arm64 | 0.1.0 | 34.00 | NOTE | |||
r-oldrel-macos-x86_64 | 0.1.0 | 38.00 | OK | |||
r-oldrel-windows-ix86+x86_64 | 0.1.0 | 104.00 | 80.00 | 184.00 | OK |
Version: 0.1.0
Check: C++ specification
Result: NOTE
Specified C++11: please update to current default of C++17
Flavors: r-devel-linux-x86_64-debian-clang, r-devel-windows-x86_64
Version: 0.1.0
Check: C++ specification
Result: NOTE
Specified C++11: please drop specification unless essential
Flavors: r-devel-linux-x86_64-debian-gcc, r-devel-linux-x86_64-fedora-clang, r-devel-linux-x86_64-fedora-gcc
Version: 0.1.0
Check: installed package size
Result: NOTE
installed size is 5.0Mb
sub-directories of 1Mb or more:
libs 4.9Mb
Flavor: r-oldrel-macos-arm64