CRAN Package Check Results for Package ollggamma

Last updated on 2022-05-17 04:50:38 CEST.

Flavor Version Tinstall Tcheck Ttotal Status Flags
r-devel-linux-x86_64-debian-clang 1.0.2 1.67 33.75 35.42 NOTE
r-devel-linux-x86_64-debian-gcc 1.0.2 1.50 25.95 27.45 NOTE
r-devel-linux-x86_64-fedora-clang 1.0.2 43.57 NOTE
r-devel-linux-x86_64-fedora-gcc 1.0.2 42.09 NOTE
r-devel-windows-x86_64 1.0.2 7.00 56.00 63.00 NOTE
r-patched-linux-x86_64 1.0.2 2.11 32.31 34.42 NOTE
r-release-linux-x86_64 1.0.2 1.89 32.24 34.13 NOTE
r-release-macos-arm64 1.0.2 16.00 NOTE
r-release-macos-x86_64 1.0.2 22.00 NOTE
r-release-windows-x86_64 1.0.2 12.00 55.00 67.00 NOTE
r-oldrel-macos-arm64 1.0.2 19.00 NOTE
r-oldrel-macos-x86_64 1.0.2 24.00 NOTE
r-oldrel-windows-ix86+x86_64 1.0.2 5.00 46.00 51.00 NOTE

Check Details

Version: 1.0.2
Check: LazyData
Result: NOTE
     'LazyData' is specified without a 'data' directory
Flavors: r-devel-linux-x86_64-debian-clang, r-devel-linux-x86_64-debian-gcc, r-devel-linux-x86_64-fedora-clang, r-devel-linux-x86_64-fedora-gcc, r-devel-windows-x86_64, r-patched-linux-x86_64, r-release-linux-x86_64, r-release-macos-arm64, r-release-macos-x86_64, r-release-windows-x86_64, r-oldrel-macos-arm64, r-oldrel-macos-x86_64, r-oldrel-windows-ix86+x86_64