CRAN Package Check Results for Package ollggamma

Last updated on 2023-05-30 14:56:52 CEST.

Flavor Version Tinstall Tcheck Ttotal Status Flags
r-devel-linux-x86_64-debian-clang 1.0.2 1.96 24.68 26.64 NOTE
r-devel-linux-x86_64-debian-gcc 1.0.2 1.61 19.54 21.15 NOTE
r-devel-linux-x86_64-fedora-clang 1.0.2 33.77 NOTE
r-devel-linux-x86_64-fedora-gcc 1.0.2 32.11 NOTE
r-devel-windows-x86_64 1.0.2 3.00 47.00 50.00 NOTE
r-patched-linux-x86_64 1.0.2 2.20 24.30 26.50 NOTE
r-release-linux-x86_64 1.0.2 1.67 24.68 26.35 NOTE
r-release-macos-arm64 1.0.2 16.00 NOTE
r-release-macos-x86_64 1.0.2 21.00 NOTE
r-release-windows-x86_64 1.0.2 3.00 47.00 50.00 NOTE
r-oldrel-macos-arm64 1.0.2 17.00 NOTE
r-oldrel-macos-x86_64 1.0.2 22.00 NOTE
r-oldrel-windows-x86_64 1.0.2 5.00 47.00 52.00 NOTE

Check Details

Version: 1.0.2
Check: LazyData
Result: NOTE
     'LazyData' is specified without a 'data' directory
Flavors: r-devel-linux-x86_64-debian-clang, r-devel-linux-x86_64-debian-gcc, r-devel-linux-x86_64-fedora-clang, r-devel-linux-x86_64-fedora-gcc, r-devel-windows-x86_64, r-patched-linux-x86_64, r-release-linux-x86_64, r-release-macos-arm64, r-release-macos-x86_64, r-release-windows-x86_64, r-oldrel-macos-arm64, r-oldrel-macos-x86_64, r-oldrel-windows-x86_64