CRAN Package Check Results for Package openbankeR

Last updated on 2023-02-09 13:50:52 CET.

Flavor Version Tinstall Tcheck Ttotal Status Flags
r-devel-linux-x86_64-debian-clang 0.1.1 2.49 25.05 27.54 OK
r-devel-linux-x86_64-debian-gcc 0.1.1 1.67 19.29 20.96 OK
r-devel-linux-x86_64-fedora-clang 0.1.1 35.47 NOTE
r-devel-linux-x86_64-fedora-gcc 0.1.1 44.81 NOTE
r-devel-windows-x86_64 0.1.1 13.00 53.00 66.00 OK
r-patched-linux-x86_64 0.1.1 2.15 25.19 27.34 OK
r-release-linux-x86_64 0.1.1 2.41 25.32 27.73 OK
r-release-macos-arm64 0.1.1 17.00 NOTE
r-release-macos-x86_64 0.1.1 26.00 NOTE
r-release-windows-x86_64 0.1.1 17.00 56.00 73.00 OK
r-oldrel-macos-arm64 0.1.1 15.00 NOTE
r-oldrel-macos-x86_64 0.1.1 23.00 NOTE
r-oldrel-windows-ix86+x86_64 0.1.1 7.00 49.00 56.00 OK

Check Details

Version: 0.1.1
Check: dependencies in R code
Result: NOTE
    Namespaces in Imports field not imported from:
     ‘dplyr’ ‘glue’ ‘httpcode’ ‘httr’ ‘jsonlite’ ‘tidyr’
     All declared Imports should be used.
Flavors: r-devel-linux-x86_64-fedora-clang, r-devel-linux-x86_64-fedora-gcc, r-release-macos-arm64, r-release-macos-x86_64, r-oldrel-macos-arm64, r-oldrel-macos-x86_64