CRAN Package Check Results for Package openblender

Last updated on 2024-03-01 07:52:56 CET.

Flavor Version Tinstall Tcheck Ttotal Status Flags
r-devel-linux-x86_64-debian-clang 0.5.81 2.45 26.18 28.63 NOTE
r-devel-linux-x86_64-debian-gcc 0.5.81 2.17 20.09 22.26 NOTE
r-devel-linux-x86_64-fedora-clang 0.5.81 36.34 NOTE
r-devel-linux-x86_64-fedora-gcc 0.5.81 33.58 NOTE
r-devel-windows-x86_64 0.5.81 3.00 43.00 46.00 NOTE
r-patched-linux-x86_64 0.5.81 3.01 25.84 28.85 NOTE
r-release-linux-x86_64 0.5.81 2.72 25.44 28.16 NOTE
r-release-macos-arm64 0.5.81 18.00 NOTE
r-release-macos-x86_64 0.5.81 21.00 NOTE
r-release-windows-x86_64 0.5.81 5.00 43.00 48.00 NOTE
r-oldrel-macos-arm64 0.5.81 15.00 NOTE
r-oldrel-windows-x86_64 0.5.81 4.00 45.00 49.00 NOTE

Check Details

Version: 0.5.81
Check: LazyData
Result: NOTE 'LazyData' is specified without a 'data' directory Flavors: r-devel-linux-x86_64-debian-clang, r-devel-linux-x86_64-debian-gcc, r-devel-linux-x86_64-fedora-clang, r-devel-linux-x86_64-fedora-gcc, r-devel-windows-x86_64, r-patched-linux-x86_64, r-release-linux-x86_64, r-release-macos-arm64, r-release-macos-x86_64, r-release-windows-x86_64, r-oldrel-macos-arm64, r-oldrel-windows-x86_64