Last updated on 2023-01-28 16:51:25 CET.
Flavor | Version | Tinstall | Tcheck | Ttotal | Status | Flags |
---|---|---|---|---|---|---|
r-devel-linux-x86_64-debian-clang | 0.5.81 | 2.85 | 25.81 | 28.66 | NOTE | |
r-devel-linux-x86_64-debian-gcc | 0.5.81 | 1.86 | 20.40 | 22.26 | NOTE | |
r-devel-linux-x86_64-fedora-clang | 0.5.81 | 36.14 | NOTE | |||
r-devel-linux-x86_64-fedora-gcc | 0.5.81 | 34.63 | NOTE | |||
r-patched-linux-x86_64 | 0.5.81 | 2.52 | 26.14 | 28.66 | NOTE | |
r-release-linux-x86_64 | 0.5.81 | 2.29 | 25.80 | 28.09 | NOTE | |
r-release-macos-arm64 | 0.5.81 | 15.00 | NOTE | |||
r-release-macos-x86_64 | 0.5.81 | 23.00 | NOTE | |||
r-release-windows-x86_64 | 0.5.81 | 17.00 | 52.00 | 69.00 | NOTE | |
r-oldrel-macos-arm64 | 0.5.81 | 21.00 | NOTE | |||
r-oldrel-macos-x86_64 | 0.5.81 | 26.00 | NOTE | |||
r-oldrel-windows-ix86+x86_64 | 0.5.81 | 6.00 | 51.00 | 57.00 | NOTE |
Version: 0.5.81
Check: LazyData
Result: NOTE
'LazyData' is specified without a 'data' directory
Flavors: r-devel-linux-x86_64-debian-clang, r-devel-linux-x86_64-debian-gcc, r-devel-linux-x86_64-fedora-clang, r-devel-linux-x86_64-fedora-gcc, r-patched-linux-x86_64, r-release-linux-x86_64, r-release-macos-arm64, r-release-macos-x86_64, r-release-windows-x86_64, r-oldrel-macos-arm64, r-oldrel-macos-x86_64, r-oldrel-windows-ix86+x86_64