CRAN Package Check Results for Package opendotaR

Last updated on 2024-05-27 20:51:22 CEST.

Flavor Version Tinstall Tcheck Ttotal Status Flags
r-devel-linux-x86_64-debian-clang 0.1.4 2.07 21.47 23.54 NOTE
r-devel-linux-x86_64-debian-gcc 0.1.4 1.73 16.73 18.46 NOTE
r-devel-linux-x86_64-fedora-clang 0.1.4 31.73 NOTE
r-devel-linux-x86_64-fedora-gcc 0.1.4 27.42 NOTE
r-devel-windows-x86_64 0.1.4 3.00 38.00 41.00 NOTE
r-patched-linux-x86_64 0.1.4 1.95 20.79 22.74 NOTE
r-release-linux-x86_64 0.1.4 1.49 20.02 21.51 NOTE
r-release-macos-arm64 0.1.4 14.00 NOTE
r-release-windows-x86_64 0.1.4 3.00 40.00 43.00 NOTE
r-oldrel-macos-arm64 0.1.4 16.00 NOTE
r-oldrel-macos-x86_64 0.1.4 18.00 NOTE
r-oldrel-windows-x86_64 0.1.4 4.00 39.00 43.00 NOTE

Check Details

Version: 0.1.4
Check: LazyData
Result: NOTE 'LazyData' is specified without a 'data' directory Flavors: r-devel-linux-x86_64-debian-clang, r-devel-linux-x86_64-debian-gcc, r-devel-linux-x86_64-fedora-clang, r-devel-linux-x86_64-fedora-gcc, r-devel-windows-x86_64, r-patched-linux-x86_64, r-release-linux-x86_64, r-release-macos-arm64, r-release-windows-x86_64, r-oldrel-macos-arm64, r-oldrel-macos-x86_64, r-oldrel-windows-x86_64

Version: 0.1.4
Check: dependencies in R code
Result: NOTE Namespace in Imports field not imported from: ‘dplyr’ All declared Imports should be used. Flavors: r-devel-linux-x86_64-fedora-clang, r-devel-linux-x86_64-fedora-gcc