CRAN Package Check Results for Package openintro

Last updated on 2022-05-29 13:51:22 CEST.

Flavor Version Tinstall Tcheck Ttotal Status Flags
r-devel-linux-x86_64-debian-clang 2.3.0 35.80 196.57 232.37 OK
r-devel-linux-x86_64-debian-gcc 2.3.0 34.43 142.10 176.53 OK
r-devel-linux-x86_64-fedora-clang 2.3.0 284.54 NOTE
r-devel-linux-x86_64-fedora-gcc 2.3.0 261.36 NOTE
r-devel-windows-x86_64 2.3.0 205.00 306.00 511.00 NOTE
r-patched-linux-x86_64 2.3.0 42.17 177.86 220.03 OK
r-release-linux-x86_64 2.3.0 36.12 178.11 214.23 OK
r-release-macos-arm64 2.3.0 78.00 NOTE
r-release-macos-x86_64 2.3.0 133.00 NOTE
r-release-windows-x86_64 2.3.0 258.00 312.00 570.00 NOTE
r-oldrel-macos-arm64 2.3.0 74.00 NOTE
r-oldrel-macos-x86_64 2.3.0 115.00 NOTE
r-oldrel-windows-ix86+x86_64 2.3.0 70.00 276.00 346.00 NOTE

Check Details

Version: 2.3.0
Check: installed package size
Result: NOTE
     installed size is 5.1Mb
     sub-directories of 1Mb or more:
     data 4.2Mb
Flavors: r-devel-linux-x86_64-fedora-clang, r-devel-windows-x86_64, r-release-macos-arm64, r-release-macos-x86_64, r-release-windows-x86_64, r-oldrel-macos-arm64, r-oldrel-macos-x86_64, r-oldrel-windows-ix86+x86_64

Version: 2.3.0
Check: data for non-ASCII characters
Result: NOTE
     Note: found 2524 marked UTF-8 strings
Flavors: r-devel-linux-x86_64-fedora-clang, r-devel-linux-x86_64-fedora-gcc, r-release-macos-arm64, r-release-macos-x86_64, r-oldrel-macos-arm64, r-oldrel-macos-x86_64