Last updated on 2023-02-09 06:55:38 CET.
Flavor | Version | Tinstall | Tcheck | Ttotal | Status | Flags |
---|---|---|---|---|---|---|
r-devel-linux-x86_64-debian-clang | 0.5 | 84.49 | 304.28 | 388.77 | OK | |
r-devel-linux-x86_64-debian-gcc | 0.5 | 72.81 | 221.11 | 293.92 | OK | |
r-devel-linux-x86_64-fedora-clang | 0.5 | 472.95 | NOTE | |||
r-devel-linux-x86_64-fedora-gcc | 0.5 | 475.52 | OK | |||
r-devel-windows-x86_64 | 0.5 | 220.00 | 374.00 | 594.00 | NOTE | |
r-patched-linux-x86_64 | 0.5 | 79.89 | 275.64 | 355.53 | OK | |
r-release-linux-x86_64 | 0.5 | 69.45 | 267.90 | 337.35 | OK | |
r-release-macos-arm64 | 0.5 | 99.00 | NOTE | |||
r-release-macos-x86_64 | 0.5 | 137.00 | NOTE | |||
r-release-windows-x86_64 | 0.5 | 115.00 | 240.00 | 355.00 | NOTE | |
r-oldrel-macos-arm64 | 0.5 | 96.00 | NOTE | |||
r-oldrel-macos-x86_64 | 0.5 | 142.00 | NOTE | |||
r-oldrel-windows-ix86+x86_64 | 0.5 | 163.00 | 421.00 | 584.00 | NOTE |
Version: 0.5
Check: installed package size
Result: NOTE
installed size is 5.3Mb
sub-directories of 1Mb or more:
doc 1.4Mb
extdata 1.3Mb
Flavors: r-devel-linux-x86_64-fedora-clang, r-devel-windows-x86_64, r-release-macos-arm64, r-release-macos-x86_64, r-release-windows-x86_64, r-oldrel-macos-arm64, r-oldrel-macos-x86_64, r-oldrel-windows-ix86+x86_64