CRAN Package Check Results for Package optmatch

Last updated on 2022-01-24 06:48:59 CET.

Flavor Version Tinstall Tcheck Ttotal Status Flags
r-devel-linux-x86_64-debian-clang 0.9-15 54.12 186.19 240.31 OK
r-devel-linux-x86_64-debian-gcc 0.9-15 41.96 140.05 182.01 OK
r-devel-linux-x86_64-fedora-clang 0.9-15 313.75 OK
r-devel-linux-x86_64-fedora-gcc 0.9-15 311.84 OK
r-devel-windows-x86_64-new-UL 0.9-15 230.00 264.00 494.00 OK
r-devel-windows-x86_64-new-TK 0.9-15 NOTE
r-patched-linux-x86_64 0.9-15 52.96 184.65 237.61 OK
r-release-linux-x86_64 0.9-15 45.63 182.42 228.05 OK
r-release-macos-arm64 0.9-15 OK
r-release-macos-x86_64 0.9-15 OK
r-release-windows-ix86+x86_64 0.9-15 130.00 320.00 450.00 OK
r-oldrel-macos-x86_64 0.9-15 OK
r-oldrel-windows-ix86+x86_64 0.9-15 132.00 312.00 444.00 OK

Check Details

Version: 0.9-15
Check: package dependencies
Result: NOTE
    Package suggested but not available for checking: 'arm'
Flavor: r-devel-windows-x86_64-new-TK