CRAN Package Check Results for Package optrees

Last updated on 2022-05-26 11:52:15 CEST.

Flavor Version Tinstall Tcheck Ttotal Status Flags
r-devel-linux-x86_64-debian-clang 1.0 4.08 44.78 48.86 NOTE
r-devel-linux-x86_64-debian-gcc 1.0 3.94 39.26 43.20 NOTE
r-devel-linux-x86_64-fedora-clang 1.0 61.41 NOTE
r-devel-linux-x86_64-fedora-gcc 1.0 47.14 NOTE
r-devel-windows-x86_64 1.0 21.00 63.00 84.00 NOTE
r-patched-linux-x86_64 1.0 5.47 42.61 48.08 NOTE
r-release-linux-x86_64 1.0 NOTE
r-release-macos-arm64 1.0 21.00 NOTE
r-release-macos-x86_64 1.0 26.00 NOTE
r-release-windows-x86_64 1.0 18.00 60.00 78.00 NOTE
r-oldrel-macos-arm64 1.0 28.00 NOTE
r-oldrel-macos-x86_64 1.0 36.00 NOTE
r-oldrel-windows-ix86+x86_64 1.0 8.00 55.00 63.00 NOTE

Check Details

Version: 1.0
Check: R code for possible problems
Result: NOTE
    getMinimumArborescence: no visible global function definition for
     'capture.output'
    getMinimumCutTree: no visible global function definition for
     'capture.output'
    getMinimumCutTree: no visible global function definition for 'par'
    getMinimumSpanningTree: no visible global function definition for
     'capture.output'
    getShortestPathTree: no visible global function definition for
     'capture.output'
    Undefined global functions or variables:
     capture.output par
    Consider adding
     importFrom("graphics", "par")
     importFrom("utils", "capture.output")
    to your NAMESPACE file.
Flavors: r-devel-linux-x86_64-debian-clang, r-devel-linux-x86_64-debian-gcc, r-devel-linux-x86_64-fedora-clang, r-devel-linux-x86_64-fedora-gcc, r-devel-windows-x86_64, r-patched-linux-x86_64, r-release-linux-x86_64, r-release-macos-arm64, r-release-macos-x86_64, r-release-windows-x86_64, r-oldrel-macos-arm64, r-oldrel-macos-x86_64, r-oldrel-windows-ix86+x86_64