CRAN Package Check Results for Package opusminer

Last updated on 2022-05-16 05:50:18 CEST.

Flavor Version Tinstall Tcheck Ttotal Status Flags
r-devel-linux-x86_64-debian-clang 0.1-1 46.81 94.24 141.05 NOTE
r-devel-linux-x86_64-debian-gcc 0.1-1 37.62 69.33 106.95 NOTE
r-devel-linux-x86_64-fedora-clang 0.1-1 200.30 NOTE
r-devel-linux-x86_64-fedora-gcc 0.1-1 171.98 NOTE
r-devel-windows-x86_64 0.1-1 56.00 118.00 174.00 NOTE
r-patched-linux-x86_64 0.1-1 41.09 87.28 128.37 NOTE
r-release-linux-x86_64 0.1-1 43.91 88.93 132.84 NOTE
r-release-macos-arm64 0.1-1 46.00 NOTE
r-release-macos-x86_64 0.1-1 65.00 NOTE
r-release-windows-x86_64 0.1-1 51.00 122.00 173.00 NOTE
r-oldrel-macos-arm64 0.1-1 54.00 NOTE
r-oldrel-macos-x86_64 0.1-1 89.00 NOTE
r-oldrel-windows-ix86+x86_64 0.1-1 120.00 137.00 257.00 NOTE

Check Details

Version: 0.1-1
Check: LazyData
Result: NOTE
     'LazyData' is specified without a 'data' directory
Flavors: r-devel-linux-x86_64-debian-clang, r-devel-linux-x86_64-debian-gcc, r-devel-linux-x86_64-fedora-clang, r-devel-linux-x86_64-fedora-gcc, r-devel-windows-x86_64, r-patched-linux-x86_64, r-release-linux-x86_64, r-release-macos-arm64, r-release-macos-x86_64, r-release-windows-x86_64, r-oldrel-macos-arm64, r-oldrel-macos-x86_64, r-oldrel-windows-ix86+x86_64