Last updated on 2023-02-01 09:53:12 CET.
Flavor | Version | Tinstall | Tcheck | Ttotal | Status | Flags |
---|---|---|---|---|---|---|
r-devel-linux-x86_64-debian-clang | 0.3.2 | 1.37 | 24.89 | 26.26 | NOTE | |
r-devel-linux-x86_64-debian-gcc | 0.3.2 | 1.76 | 20.09 | 21.85 | NOTE | |
r-devel-linux-x86_64-fedora-clang | 0.3.2 | 35.53 | NOTE | |||
r-devel-linux-x86_64-fedora-gcc | 0.3.2 | 46.28 | NOTE | |||
r-devel-windows-x86_64 | 0.3.2 | 7.00 | 58.00 | 65.00 | NOTE | |
r-patched-linux-x86_64 | 0.3.2 | 2.22 | 25.09 | 27.31 | NOTE | |
r-release-linux-x86_64 | 0.3.2 | 1.73 | 25.70 | 27.43 | NOTE | |
r-release-macos-arm64 | 0.3.2 | 24.00 | NOTE | |||
r-release-macos-x86_64 | 0.3.2 | 30.00 | NOTE | |||
r-release-windows-x86_64 | 0.3.2 | 23.00 | 67.00 | 90.00 | NOTE | |
r-oldrel-macos-arm64 | 0.3.2 | 23.00 | NOTE | |||
r-oldrel-macos-x86_64 | 0.3.2 | 32.00 | NOTE | |||
r-oldrel-windows-ix86+x86_64 | 0.3.2 | 6.00 | 52.00 | 58.00 | NOTE |
Version: 0.3.2
Check: LazyData
Result: NOTE
'LazyData' is specified without a 'data' directory
Flavors: r-devel-linux-x86_64-debian-clang, r-devel-linux-x86_64-debian-gcc, r-devel-linux-x86_64-fedora-clang, r-devel-linux-x86_64-fedora-gcc, r-devel-windows-x86_64, r-patched-linux-x86_64, r-release-linux-x86_64, r-release-macos-arm64, r-release-macos-x86_64, r-release-windows-x86_64, r-oldrel-macos-arm64, r-oldrel-macos-x86_64, r-oldrel-windows-ix86+x86_64