Last updated on 2022-05-28 09:55:22 CEST.
Flavor | Version | Tinstall | Tcheck | Ttotal | Status | Flags |
---|---|---|---|---|---|---|
r-devel-linux-x86_64-debian-clang | 0.2.8 | 5.89 | 75.94 | 81.83 | NOTE | |
r-devel-linux-x86_64-debian-gcc | 0.2.8 | 5.97 | 58.39 | 64.36 | NOTE | |
r-devel-linux-x86_64-fedora-clang | 0.2.8 | 97.53 | NOTE | |||
r-devel-linux-x86_64-fedora-gcc | 0.2.8 | 86.44 | NOTE | |||
r-devel-windows-x86_64 | 0.2.8 | 29.00 | 96.00 | 125.00 | NOTE | |
r-patched-linux-x86_64 | 0.2.8 | 6.58 | 72.19 | 78.77 | NOTE | |
r-release-linux-x86_64 | 0.2.8 | 6.06 | 72.25 | 78.31 | NOTE | |
r-release-macos-arm64 | 0.2.8 | 27.00 | NOTE | |||
r-release-macos-x86_64 | 0.2.8 | 43.00 | NOTE | |||
r-release-windows-x86_64 | 0.2.8 | 28.00 | 93.00 | 121.00 | NOTE | |
r-oldrel-macos-arm64 | 0.2.8 | 32.00 | NOTE | |||
r-oldrel-macos-x86_64 | 0.2.8 | 50.00 | NOTE | |||
r-oldrel-windows-ix86+x86_64 | 0.2.8 | 17.00 | 85.00 | 102.00 | NOTE |
Version: 0.2.8
Check: LazyData
Result: NOTE
'LazyData' is specified without a 'data' directory
Flavors: r-devel-linux-x86_64-debian-clang, r-devel-linux-x86_64-debian-gcc, r-devel-linux-x86_64-fedora-clang, r-devel-linux-x86_64-fedora-gcc, r-devel-windows-x86_64, r-patched-linux-x86_64, r-release-linux-x86_64, r-release-macos-arm64, r-release-macos-x86_64, r-release-windows-x86_64, r-oldrel-macos-arm64, r-oldrel-macos-x86_64, r-oldrel-windows-ix86+x86_64