Last updated on 2022-05-17 11:49:46 CEST.
Flavor | Version | Tinstall | Tcheck | Ttotal | Status | Flags |
---|---|---|---|---|---|---|
r-devel-linux-x86_64-debian-clang | 0.6.0.5 | 34.90 | 78.91 | 113.81 | WARN | |
r-devel-linux-x86_64-debian-gcc | 0.6.0.5 | 28.76 | 61.06 | 89.82 | OK | |
r-devel-linux-x86_64-fedora-clang | 0.6.0.5 | 154.78 | WARN | |||
r-devel-linux-x86_64-fedora-gcc | 0.6.0.5 | 149.02 | OK | |||
r-devel-windows-x86_64 | 0.6.0.5 | 141.00 | 110.00 | 251.00 | OK | |
r-patched-linux-x86_64 | 0.6.0.5 | 31.78 | 75.99 | 107.77 | OK | |
r-release-linux-x86_64 | 0.6.0.5 | 30.41 | 77.33 | 107.74 | OK | |
r-release-macos-arm64 | 0.6.0.5 | 40.00 | OK | |||
r-release-macos-x86_64 | 0.6.0.5 | 58.00 | OK | |||
r-release-windows-x86_64 | 0.6.0.5 | 171.00 | 119.00 | 290.00 | OK | |
r-oldrel-macos-arm64 | 0.6.0.5 | 40.00 | OK | |||
r-oldrel-macos-x86_64 | 0.6.0.5 | 54.00 | OK | |||
r-oldrel-windows-ix86+x86_64 | 0.6.0.5 | 111.00 | 128.00 | 239.00 | OK |
Version: 0.6.0.5
Check: whether package can be installed
Result: WARN
Found the following significant warnings:
osqp_solve_interface.cpp:200:7: warning: use of bitwise '&' with boolean operands [-Wbitwise-instead-of-logical]
osqp_solve_interface.cpp:203:7: warning: use of bitwise '&' with boolean operands [-Wbitwise-instead-of-logical]
osqp_solve_interface.cpp:206:7: warning: use of bitwise '&' with boolean operands [-Wbitwise-instead-of-logical]
osqp_solve_interface.cpp:230:7: warning: use of bitwise '&' with boolean operands [-Wbitwise-instead-of-logical]
osqp_solve_interface.cpp:238:7: warning: use of bitwise '&' with boolean operands [-Wbitwise-instead-of-logical]
osqp_solve_interface.cpp:245:7: warning: use of bitwise '&' with boolean operands [-Wbitwise-instead-of-logical]
Flavors: r-devel-linux-x86_64-debian-clang, r-devel-linux-x86_64-fedora-clang