CRAN Package Check Results for Package pCODE

Last updated on 2022-05-23 21:53:19 CEST.

Flavor Version Tinstall Tcheck Ttotal Status Flags
r-devel-linux-x86_64-debian-clang 0.9.3 10.25 207.66 217.91 OK
r-devel-linux-x86_64-debian-gcc 0.9.3 8.38 140.09 148.47 OK
r-devel-linux-x86_64-fedora-clang 0.9.3 241.23 NOTE
r-devel-linux-x86_64-fedora-gcc 0.9.3 225.20 NOTE
r-devel-windows-x86_64 0.9.3 18.00 229.00 247.00 OK
r-patched-linux-x86_64 0.9.3 7.77 187.15 194.92 OK
r-release-linux-x86_64 0.9.3 OK
r-release-macos-arm64 0.9.3 54.00 NOTE
r-release-macos-x86_64 0.9.3 98.00 NOTE
r-release-windows-x86_64 0.9.3 21.00 231.00 252.00 OK
r-oldrel-macos-arm64 0.9.3 70.00 NOTE
r-oldrel-macos-x86_64 0.9.3 113.00 NOTE
r-oldrel-windows-ix86+x86_64 0.9.3 23.00 208.00 231.00 OK

Check Details

Version: 0.9.3
Check: dependencies in R code
Result: NOTE
    Namespace in Imports field not imported from: ‘base’
     All declared Imports should be used.
Flavors: r-devel-linux-x86_64-fedora-clang, r-devel-linux-x86_64-fedora-gcc, r-release-macos-arm64, r-release-macos-x86_64, r-oldrel-macos-arm64, r-oldrel-macos-x86_64