CRAN Package Check Results for Package packDAMipd

Last updated on 2022-01-24 15:54:20 CET.

Flavor Version Tinstall Tcheck Ttotal Status Flags
r-devel-linux-x86_64-debian-clang 0.2.2 26.30 345.71 372.01 OK
r-devel-linux-x86_64-debian-gcc 0.2.2 21.63 253.78 275.41 OK
r-devel-linux-x86_64-fedora-clang 0.2.2 437.18 NOTE
r-devel-linux-x86_64-fedora-gcc 0.2.2 430.25 NOTE
r-devel-windows-x86_64-new-UL 0.2.2 171.00 449.00 620.00 OK
r-devel-windows-x86_64-new-TK 0.2.2 ERROR
r-patched-linux-x86_64 0.2.2 28.47 341.67 370.14 OK
r-release-linux-x86_64 0.2.2 24.59 340.56 365.15 OK
r-release-macos-arm64 0.2.2 NOTE
r-release-macos-x86_64 0.2.2 NOTE
r-release-windows-ix86+x86_64 0.2.2 65.00 480.00 545.00 OK
r-oldrel-macos-x86_64 0.2.2 NOTE
r-oldrel-windows-ix86+x86_64 0.2.2 65.00 471.00 536.00 OK

Check Details

Version: 0.2.2
Check: package dependencies
Result: NOTE
    Imports includes 29 non-default packages.
    Importing from so many packages makes the package vulnerable to any of
    them becoming unavailable. Move as many as possible to Suggests and
    use conditionally.
Flavor: r-devel-linux-x86_64-fedora-clang

Version: 0.2.2
Check: dependencies in R code
Result: NOTE
    Namespaces in Imports field not imported from:
     ‘flexsurv’ ‘nlme’ ‘tibble’ ‘tidyverse’ ‘tm’
     All declared Imports should be used.
Flavors: r-devel-linux-x86_64-fedora-clang, r-devel-linux-x86_64-fedora-gcc, r-release-macos-arm64, r-release-macos-x86_64, r-oldrel-macos-x86_64

Version: 0.2.2
Check: package dependencies
Result: ERROR
    Packages required but not available:
     'lme4', 'survminer', 'systemfit', 'IPDFileCheck', 'car', 'effects'
    
    See section 'The DESCRIPTION file' in the 'Writing R Extensions'
    manual.
Flavor: r-devel-windows-x86_64-new-TK