Last updated on 2022-05-16 19:50:11 CEST.
Flavor | Version | Tinstall | Tcheck | Ttotal | Status | Flags |
---|---|---|---|---|---|---|
r-devel-linux-x86_64-debian-clang | 0.3.2 | 5.93 | 59.36 | 65.29 | NOTE | |
r-devel-linux-x86_64-debian-gcc | 0.3.2 | 4.26 | 46.77 | 51.03 | NOTE | |
r-devel-linux-x86_64-fedora-clang | 0.3.2 | 80.41 | NOTE | |||
r-devel-linux-x86_64-fedora-gcc | 0.3.2 | 79.18 | NOTE | |||
r-devel-windows-x86_64 | 0.3.2 | 34.00 | 77.00 | 111.00 | NOTE | |
r-patched-linux-x86_64 | 0.3.2 | 4.82 | 56.50 | 61.32 | NOTE | |
r-release-linux-x86_64 | 0.3.2 | 5.21 | 57.25 | 62.46 | NOTE | |
r-release-macos-arm64 | 0.3.2 | 190.00 | NOTE | |||
r-release-macos-x86_64 | 0.3.2 | 126.00 | NOTE | |||
r-release-windows-x86_64 | 0.3.2 | 33.00 | 76.00 | 109.00 | NOTE | |
r-oldrel-macos-arm64 | 0.3.2 | 88.00 | NOTE | |||
r-oldrel-macos-x86_64 | 0.3.2 | 130.00 | NOTE | |||
r-oldrel-windows-ix86+x86_64 | 0.3.2 | 16.00 | 74.00 | 90.00 | NOTE |
Version: 0.3.2
Check: LazyData
Result: NOTE
'LazyData' is specified without a 'data' directory
Flavors: r-devel-linux-x86_64-debian-clang, r-devel-linux-x86_64-debian-gcc, r-devel-linux-x86_64-fedora-clang, r-devel-linux-x86_64-fedora-gcc, r-devel-windows-x86_64, r-patched-linux-x86_64, r-release-linux-x86_64, r-release-macos-arm64, r-release-macos-x86_64, r-release-windows-x86_64, r-oldrel-macos-arm64, r-oldrel-macos-x86_64, r-oldrel-windows-ix86+x86_64
Version: 0.3.2
Check: dependencies in R code
Result: NOTE
Namespace in Imports field not imported from: ‘rstudioapi’
All declared Imports should be used.
Flavors: r-devel-linux-x86_64-fedora-clang, r-devel-linux-x86_64-fedora-gcc, r-release-macos-arm64, r-release-macos-x86_64, r-oldrel-macos-arm64, r-oldrel-macos-x86_64