CRAN Package Check Results for Package packager

Last updated on 2022-05-21 00:51:03 CEST.

Flavor Version Tinstall Tcheck Ttotal Status Flags
r-devel-linux-x86_64-debian-clang 1.14.0 6.41 289.33 295.74 OK
r-devel-linux-x86_64-debian-gcc 1.14.0 4.08 221.25 225.33 OK
r-devel-linux-x86_64-fedora-clang 1.14.0 290.06 OK
r-devel-linux-x86_64-fedora-gcc 1.14.0 327.48 OK
r-devel-windows-x86_64 1.14.0 86.00 632.00 718.00 WARN
r-patched-linux-x86_64 1.14.0 6.92 277.83 284.75 OK
r-release-linux-x86_64 1.14.0 5.38 282.09 287.47 OK
r-release-macos-arm64 1.14.0 202.00 OK
r-release-macos-x86_64 1.14.0 313.00 OK
r-release-windows-x86_64 1.14.0 79.00 665.00 744.00 WARN
r-oldrel-macos-arm64 1.14.0 212.00 OK
r-oldrel-macos-x86_64 1.14.0 233.00 OK
r-oldrel-windows-ix86+x86_64 1.14.0 15.00 420.00 435.00 OK

Check Details

Version: 1.14.0
Check: dependencies in R code
Result: NOTE
    useraccount - Alias wurde nicht gefunden.
Flavors: r-devel-windows-x86_64, r-release-windows-x86_64

Version: 1.14.0
Check: S3 generic/method consistency
Result: WARN
    useraccount - Alias wurde nicht gefunden.
    
    
    See section 'Generic functions and methods' in the 'Writing R
    Extensions' manual.
Flavors: r-devel-windows-x86_64, r-release-windows-x86_64

Version: 1.14.0
Check: replacement functions
Result: WARN
    useraccount - Alias wurde nicht gefunden.
    
    
    The argument of a replacement function which corresponds to the right
    hand side must be named 'value'.
Flavors: r-devel-windows-x86_64, r-release-windows-x86_64

Version: 1.14.0
Check: foreign function calls
Result: NOTE
    useraccount - Alias wurde nicht gefunden.
    
    
    See chapter 'System and foreign language interfaces' in the 'Writing R
    Extensions' manual.
Flavors: r-devel-windows-x86_64, r-release-windows-x86_64

Version: 1.14.0
Check: R code for possible problems
Result: NOTE
    useraccount - Alias wurde nicht gefunden.
Flavors: r-devel-windows-x86_64, r-release-windows-x86_64

Version: 1.14.0
Check: for missing documentation entries
Result: WARN
    useraccount - Alias wurde nicht gefunden.
    
    
    All user-level objects in a package should have documentation entries.
    See chapter 'Writing R documentation files' in the 'Writing R
    Extensions' manual.
Flavors: r-devel-windows-x86_64, r-release-windows-x86_64

Version: 1.14.0
Check: for code/documentation mismatches
Result: WARN
    useraccount - Alias wurde nicht gefunden.
    
    
    useraccount - Alias wurde nicht gefunden.
    
    
    useraccount - Alias wurde nicht gefunden.
Flavors: r-devel-windows-x86_64, r-release-windows-x86_64

Version: 1.14.0
Check: Rd \usage sections
Result: NOTE
    useraccount - Alias wurde nicht gefunden.
    
    
    The \usage entries for S3 methods should use the \method markup and not
    their full name.
    See chapter 'Writing R documentation files' in the 'Writing R
    Extensions' manual.
Flavors: r-devel-windows-x86_64, r-release-windows-x86_64