Last updated on 2023-03-20 12:51:18 CET.
Flavor | Version | Tinstall | Tcheck | Ttotal | Status | Flags |
---|---|---|---|---|---|---|
r-devel-linux-x86_64-debian-clang | 0.5.0 | NOTE | ||||
r-devel-linux-x86_64-debian-gcc | 0.5.0 | 1.97 | 26.70 | 28.67 | NOTE | |
r-devel-linux-x86_64-fedora-clang | 0.5.0 | 47.31 | NOTE | |||
r-devel-linux-x86_64-fedora-gcc | 0.5.0 | 54.50 | NOTE | |||
r-patched-linux-x86_64 | 0.5.0 | 2.39 | 34.03 | 36.42 | NOTE | |
r-release-linux-x86_64 | 0.5.0 | 2.37 | 34.16 | 36.53 | NOTE | |
r-release-macos-arm64 | 0.5.0 | 34.00 | NOTE | |||
r-release-macos-x86_64 | 0.5.0 | 42.00 | NOTE | |||
r-release-windows-x86_64 | 0.5.0 | 18.00 | 74.00 | 92.00 | NOTE | |
r-oldrel-macos-arm64 | 0.5.0 | 37.00 | NOTE | |||
r-oldrel-macos-x86_64 | 0.5.0 | 48.00 | NOTE | |||
r-oldrel-windows-ix86+x86_64 | 0.5.0 | 6.00 | 67.00 | 73.00 | NOTE |
Version: 0.5.0
Check: LazyData
Result: NOTE
'LazyData' is specified without a 'data' directory
Flavors: r-devel-linux-x86_64-debian-clang, r-devel-linux-x86_64-debian-gcc, r-devel-linux-x86_64-fedora-clang, r-devel-linux-x86_64-fedora-gcc, r-patched-linux-x86_64, r-release-linux-x86_64, r-release-macos-arm64, r-release-macos-x86_64, r-release-windows-x86_64, r-oldrel-macos-arm64, r-oldrel-macos-x86_64, r-oldrel-windows-ix86+x86_64
Version: 0.5.0
Check: R code for possible problems
Result: NOTE
Initiating curl with CURL_SSL_BACKEND: openssl
Flavor: r-oldrel-windows-ix86+x86_64