CRAN Package Check Results for Package parameters

Last updated on 2022-01-25 07:50:15 CET.

Flavor Version Tinstall Tcheck Ttotal Status Flags
r-devel-linux-x86_64-debian-clang 0.16.0 25.14 349.07 374.21 OK
r-devel-linux-x86_64-debian-gcc 0.16.0 22.47 256.74 279.21 OK
r-devel-linux-x86_64-fedora-clang 0.16.0 438.52 OK
r-devel-linux-x86_64-fedora-gcc 0.16.0 435.37 OK
r-devel-windows-x86_64-new-UL 0.16.0 629.00 426.00 1055.00 OK
r-devel-windows-x86_64-new-TK 0.16.0 NOTE
r-patched-linux-x86_64 0.16.0 27.65 326.90 354.55 OK
r-release-linux-x86_64 0.16.0 23.42 330.77 354.19 OK
r-release-macos-arm64 0.16.0 OK
r-release-macos-x86_64 0.16.0 OK
r-release-windows-ix86+x86_64 0.16.0 53.00 412.00 465.00 OK
r-oldrel-macos-x86_64 0.15.0 NOTE
r-oldrel-windows-ix86+x86_64 0.16.0 54.00 403.00 457.00 OK

Check Details

Version: 0.16.0
Check: package dependencies
Result: NOTE
    Packages suggested but not available for checking:
     'AER', 'afex', 'blme', 'cAIC4', 'car', 'cgam', 'drc', 'EGAnet',
     'factoextra', 'FactoMineR', 'glmmTMB', 'ivreg', 'lme4', 'lmerTest',
     'mediation', 'panelr', 'pbkrtest', 'PROreg', 'projpred', 'rstanarm',
     'sjstats'
Flavor: r-devel-windows-x86_64-new-TK

Version: 0.16.0
Check: Rd cross-references
Result: NOTE
    Package unavailable to check Rd xrefs: 'cAIC4'
Flavor: r-devel-windows-x86_64-new-TK

Version: 0.15.0
Check: package dependencies
Result: NOTE
    Package suggested but not available for checking: ‘M3C’
Flavor: r-oldrel-macos-x86_64