CRAN Package Check Results for Package paramtest

Last updated on 2022-05-28 18:51:20 CEST.

Flavor Version Tinstall Tcheck Ttotal Status Flags
r-devel-linux-x86_64-debian-clang 0.1.0 2.69 54.05 56.74 NOTE
r-devel-linux-x86_64-debian-gcc 0.1.0 1.90 40.94 42.84 NOTE
r-devel-linux-x86_64-fedora-clang 0.1.0 68.19 NOTE
r-devel-linux-x86_64-fedora-gcc 0.1.0 57.50 NOTE
r-devel-windows-x86_64 0.1.0 29.00 77.00 106.00 NOTE
r-patched-linux-x86_64 0.1.0 2.69 52.13 54.82 NOTE
r-release-linux-x86_64 0.1.0 2.26 53.91 56.17 NOTE
r-release-macos-arm64 0.1.0 22.00 NOTE
r-release-macos-x86_64 0.1.0 31.00 NOTE
r-release-windows-x86_64 0.1.0 30.00 77.00 107.00 NOTE
r-oldrel-macos-arm64 0.1.0 31.00 NOTE
r-oldrel-macos-x86_64 0.1.0 45.00 NOTE
r-oldrel-windows-ix86+x86_64 0.1.0 7.00 72.00 79.00 NOTE

Check Details

Version: 0.1.0
Check: LazyData
Result: NOTE
     'LazyData' is specified without a 'data' directory
Flavors: r-devel-linux-x86_64-debian-clang, r-devel-linux-x86_64-debian-gcc, r-devel-linux-x86_64-fedora-clang, r-devel-linux-x86_64-fedora-gcc, r-devel-windows-x86_64, r-patched-linux-x86_64, r-release-linux-x86_64, r-release-macos-arm64, r-release-macos-x86_64, r-release-windows-x86_64, r-oldrel-macos-arm64, r-oldrel-macos-x86_64, r-oldrel-windows-ix86+x86_64