Last updated on 2022-05-22 05:53:15 CEST.
Flavor | Version | Tinstall | Tcheck | Ttotal | Status | Flags |
---|---|---|---|---|---|---|
r-devel-linux-x86_64-debian-clang | 1.1.6 | 14.88 | 132.95 | 147.83 | NOTE | |
r-devel-linux-x86_64-debian-gcc | 1.1.6 | 11.51 | 100.37 | 111.88 | NOTE | |
r-devel-linux-x86_64-fedora-clang | 1.1.6 | 174.24 | NOTE | |||
r-devel-linux-x86_64-fedora-gcc | 1.1.6 | 177.23 | NOTE | |||
r-devel-windows-x86_64 | 1.1.6 | 29.00 | 162.00 | 191.00 | OK | |
r-patched-linux-x86_64 | 1.1.6 | 15.81 | 129.40 | 145.21 | NOTE | |
r-release-linux-x86_64 | 1.1.6 | 13.00 | 123.69 | 136.69 | NOTE | |
r-release-macos-arm64 | 1.1.6 | 29.00 | OK | |||
r-release-macos-x86_64 | 1.1.6 | 97.00 | OK | |||
r-release-windows-x86_64 | 1.1.6 | 39.00 | 164.00 | 203.00 | OK | |
r-oldrel-macos-arm64 | 1.1.6 | 35.00 | OK | |||
r-oldrel-macos-x86_64 | 1.1.6 | 50.00 | OK | |||
r-oldrel-windows-ix86+x86_64 | 1.1.6 | 29.00 | 155.00 | 184.00 | OK |
Version: 1.1.6
Check: for non-standard things in the check directory
Result: NOTE
Found the following files/directories:
'co2' 'co2.1' 'co2.2' 'co2s.1' 'co2s.2' 'ctm.1' 'ctm.2' 'm' 'm.1'
'm.2' 'test' 'test.1' 'test.2' 'testa.1' 'testa.2' 'xfile.1'
'xfile.2'
Flavors: r-devel-linux-x86_64-debian-clang, r-devel-linux-x86_64-debian-gcc, r-devel-linux-x86_64-fedora-clang, r-devel-linux-x86_64-fedora-gcc, r-patched-linux-x86_64, r-release-linux-x86_64