Last updated on 2022-05-18 16:49:56 CEST.
Flavor | Version | Tinstall | Tcheck | Ttotal | Status | Flags |
---|---|---|---|---|---|---|
r-devel-linux-x86_64-debian-clang | 1.1.0 | 6.96 | 75.33 | 82.29 | NOTE | |
r-devel-linux-x86_64-debian-gcc | 1.1.0 | 5.56 | 56.11 | 61.67 | NOTE | |
r-devel-linux-x86_64-fedora-clang | 1.1.0 | 95.42 | NOTE | |||
r-devel-linux-x86_64-fedora-gcc | 1.1.0 | 92.98 | NOTE | |||
r-devel-windows-x86_64 | 1.1.0 | 18.00 | 90.00 | 108.00 | NOTE | |
r-patched-linux-x86_64 | 1.1.0 | 6.03 | 69.58 | 75.61 | NOTE | |
r-release-linux-x86_64 | 1.1.0 | 5.19 | 71.33 | 76.52 | NOTE | |
r-release-macos-arm64 | 1.1.0 | 29.00 | NOTE | |||
r-release-macos-x86_64 | 1.1.0 | 51.00 | NOTE | |||
r-release-windows-x86_64 | 1.1.0 | 20.00 | 89.00 | 109.00 | NOTE | |
r-oldrel-macos-arm64 | 1.1.0 | 30.00 | NOTE | |||
r-oldrel-macos-x86_64 | 1.1.0 | 44.00 | NOTE | |||
r-oldrel-windows-ix86+x86_64 | 1.1.0 | 17.00 | 147.00 | 164.00 | NOTE |
Version: 1.1.0
Check: DESCRIPTION meta-information
Result: NOTE
Checking should be performed on sources prepared by 'R CMD build'.
Flavors: r-devel-linux-x86_64-debian-clang, r-devel-linux-x86_64-debian-gcc, r-devel-linux-x86_64-fedora-clang, r-devel-linux-x86_64-fedora-gcc, r-devel-windows-x86_64, r-patched-linux-x86_64, r-release-linux-x86_64, r-release-macos-arm64, r-release-macos-x86_64, r-release-windows-x86_64, r-oldrel-macos-arm64, r-oldrel-macos-x86_64, r-oldrel-windows-ix86+x86_64