CRAN Package Check Results for Package pbivnorm

Last updated on 2022-05-22 11:07:55 CEST.

Flavor Version Tinstall Tcheck Ttotal Status Flags
r-devel-linux-x86_64-debian-clang 0.6.0 2.81 29.64 32.45 OK
r-devel-linux-x86_64-debian-gcc 0.6.0 2.11 22.53 24.64 OK
r-devel-linux-x86_64-fedora-clang 0.6.0 38.59 NOTE
r-devel-linux-x86_64-fedora-gcc 0.6.0 37.45 NOTE
r-devel-windows-x86_64 0.6.0 13.00 45.00 58.00 OK
r-patched-linux-x86_64 0.6.0 2.67 28.28 30.95 OK
r-release-linux-x86_64 0.6.0 2.54 28.58 31.12 OK
r-release-macos-arm64 0.6.0 16.00 OK
r-release-macos-x86_64 0.6.0 22.00 OK
r-release-windows-x86_64 0.6.0 6.00 42.00 48.00 OK
r-oldrel-macos-arm64 0.6.0 22.00 OK
r-oldrel-macos-x86_64 0.6.0 26.00 OK
r-oldrel-windows-ix86+x86_64 0.6.0 7.00 30.00 37.00 OK

Check Details

Version: 0.6.0
Check: compiled code
Result: NOTE
    File ‘pbivnorm/libs/pbivnorm.so’:
     Found no calls to: ‘R_registerRoutines’, ‘R_useDynamicSymbols’
    
    It is good practice to register native routines and to disable symbol
    search.
    
    See ‘Writing portable packages’ in the ‘Writing R Extensions’ manual.
Flavors: r-devel-linux-x86_64-fedora-clang, r-devel-linux-x86_64-fedora-gcc