CRAN Package Check Results for Package pbmcapply

Last updated on 2022-01-19 01:47:42 CET.

Flavor Version Tinstall Tcheck Ttotal Status Flags
r-devel-linux-x86_64-debian-clang 1.5.0 2.74 30.18 32.92 NOTE
r-devel-linux-x86_64-debian-gcc 1.5.0 2.30 23.97 26.27 NOTE
r-devel-linux-x86_64-fedora-clang 1.5.0 41.33 NOTE
r-devel-linux-x86_64-fedora-gcc 1.5.0 31.26 NOTE
r-devel-windows-x86_64-new-UL 1.5.0 32.00 50.00 82.00 NOTE
r-devel-windows-x86_64-new-TK 1.5.0 NOTE
r-patched-linux-x86_64 1.5.0 2.11 30.29 32.40 NOTE
r-release-linux-x86_64 1.5.0 NOTE
r-release-macos-arm64 1.5.0 NOTE
r-release-macos-x86_64 1.5.0 NOTE
r-release-windows-ix86+x86_64 1.5.0 9.00 44.00 53.00 NOTE
r-oldrel-macos-x86_64 1.5.0 OK
r-oldrel-windows-ix86+x86_64 1.5.0 7.00 41.00 48.00 OK

Check Details

Version: 1.5.0
Check: LazyData
Result: NOTE
     'LazyData' is specified without a 'data' directory
Flavors: r-devel-linux-x86_64-debian-clang, r-devel-linux-x86_64-debian-gcc, r-devel-linux-x86_64-fedora-clang, r-devel-linux-x86_64-fedora-gcc, r-devel-windows-x86_64-new-UL, r-devel-windows-x86_64-new-TK, r-patched-linux-x86_64, r-release-linux-x86_64, r-release-macos-arm64, r-release-macos-x86_64, r-release-windows-ix86+x86_64