CRAN Package Check Results for Package pcatsAPIclientR

Last updated on 2023-01-28 17:51:18 CET.

Flavor Version Tinstall Tcheck Ttotal Status Flags
r-devel-linux-x86_64-debian-clang 1.0.0 2.20 26.52 28.72 OK
r-devel-linux-x86_64-debian-gcc 1.0.0 1.93 21.21 23.14 OK
r-devel-linux-x86_64-fedora-clang 1.0.0 36.90 NOTE
r-devel-linux-x86_64-fedora-gcc 1.0.0 35.96 NOTE
r-patched-linux-x86_64 1.0.0 1.91 26.34 28.25 OK
r-release-linux-x86_64 1.0.0 1.90 26.47 28.37 OK
r-release-macos-arm64 1.0.0 18.00 NOTE
r-release-macos-x86_64 1.0.0 30.00 NOTE
r-release-windows-x86_64 1.0.0 33.00 55.00 88.00 OK
r-oldrel-macos-arm64 1.0.0 18.00 NOTE
r-oldrel-macos-x86_64 1.0.0 26.00 NOTE
r-oldrel-windows-ix86+x86_64 1.0.0 7.00 53.00 60.00 OK

Check Details

Version: 1.0.0
Check: dependencies in R code
Result: NOTE
    Namespace in Imports field not imported from: ‘testthat’
     All declared Imports should be used.
Flavors: r-devel-linux-x86_64-fedora-clang, r-devel-linux-x86_64-fedora-gcc, r-release-macos-arm64, r-release-macos-x86_64, r-oldrel-macos-arm64, r-oldrel-macos-x86_64