CRAN Package Check Results for Package pdfminer

Last updated on 2022-05-17 05:52:54 CEST.

Flavor Version Tinstall Tcheck Ttotal Status Flags
r-devel-linux-x86_64-debian-clang 1.0 2.48 37.50 39.98 NOTE
r-devel-linux-x86_64-debian-gcc 1.0 1.85 28.89 30.74 NOTE
r-devel-linux-x86_64-fedora-clang 1.0 47.89 NOTE
r-devel-linux-x86_64-fedora-gcc 1.0 46.35 NOTE
r-devel-windows-x86_64 1.0 14.00 56.00 70.00 NOTE
r-patched-linux-x86_64 1.0 2.46 35.76 38.22 NOTE
r-release-linux-x86_64 1.0 2.35 35.84 38.19 NOTE
r-release-macos-arm64 1.0 18.00 NOTE
r-release-macos-x86_64 1.0 22.00 NOTE
r-release-windows-x86_64 1.0 15.00 59.00 74.00 NOTE
r-oldrel-macos-arm64 1.0 23.00 NOTE
r-oldrel-macos-x86_64 1.0 26.00 NOTE
r-oldrel-windows-ix86+x86_64 1.0 5.00 46.00 51.00 OK

Check Details

Version: 1.0
Check: package dependencies
Result: NOTE
    Package suggested but not available for checking: 'PythonInR'
Flavors: r-devel-linux-x86_64-debian-clang, r-devel-linux-x86_64-debian-gcc, r-devel-linux-x86_64-fedora-clang, r-devel-linux-x86_64-fedora-gcc, r-devel-windows-x86_64, r-patched-linux-x86_64, r-release-linux-x86_64, r-release-macos-arm64, r-release-macos-x86_64, r-release-windows-x86_64, r-oldrel-macos-arm64, r-oldrel-macos-x86_64