CRAN Package Check Results for Package pdqr

Last updated on 2023-02-01 19:54:16 CET.

Flavor Version Tinstall Tcheck Ttotal Status Flags
r-devel-linux-x86_64-debian-clang 0.3.0 7.44 165.51 172.95 NOTE
r-devel-linux-x86_64-debian-gcc 0.3.0 6.61 121.89 128.50 NOTE
r-devel-linux-x86_64-fedora-clang 0.3.0 209.61 NOTE
r-devel-linux-x86_64-fedora-gcc 0.3.0 241.43 NOTE
r-devel-windows-x86_64 0.3.0 118.00 215.00 333.00 NOTE
r-patched-linux-x86_64 0.3.0 8.67 155.01 163.68 NOTE
r-release-linux-x86_64 0.3.0 8.56 150.51 159.07 NOTE
r-release-macos-arm64 0.3.0 50.00 NOTE
r-release-macos-x86_64 0.3.0 80.00 NOTE
r-release-windows-x86_64 0.3.0 112.00 211.00 323.00 NOTE
r-oldrel-macos-arm64 0.3.0 57.00 NOTE
r-oldrel-macos-x86_64 0.3.0 111.00 NOTE
r-oldrel-windows-ix86+x86_64 0.3.0 17.00 202.00 219.00 NOTE

Check Details

Version: 0.3.0
Check: LazyData
Result: NOTE
     'LazyData' is specified without a 'data' directory
Flavors: r-devel-linux-x86_64-debian-clang, r-devel-linux-x86_64-debian-gcc, r-devel-linux-x86_64-fedora-clang, r-devel-linux-x86_64-fedora-gcc, r-devel-windows-x86_64, r-patched-linux-x86_64, r-release-linux-x86_64, r-release-macos-arm64, r-release-macos-x86_64, r-release-windows-x86_64, r-oldrel-macos-arm64, r-oldrel-macos-x86_64, r-oldrel-windows-ix86+x86_64