CRAN Package Check Results for Package pdqr

Last updated on 2022-05-29 03:52:16 CEST.

Flavor Version Tinstall Tcheck Ttotal Status Flags
r-devel-linux-x86_64-debian-clang 0.3.0 6.86 163.74 170.60 NOTE
r-devel-linux-x86_64-debian-gcc 0.3.0 6.63 122.02 128.65 NOTE
r-devel-linux-x86_64-fedora-clang 0.3.0 200.82 NOTE
r-devel-linux-x86_64-fedora-gcc 0.3.0 189.43 NOTE
r-devel-windows-x86_64 0.3.0 100.00 196.00 296.00 NOTE
r-patched-linux-x86_64 0.3.0 8.12 155.78 163.90 NOTE
r-release-linux-x86_64 0.3.0 7.05 153.78 160.83 NOTE
r-release-macos-arm64 0.3.0 50.00 NOTE
r-release-macos-x86_64 0.3.0 80.00 NOTE
r-release-windows-x86_64 0.3.0 111.00 197.00 308.00 NOTE
r-oldrel-macos-arm64 0.3.0 57.00 NOTE
r-oldrel-macos-x86_64 0.3.0 111.00 NOTE
r-oldrel-windows-ix86+x86_64 0.3.0 17.00 194.00 211.00 NOTE

Check Details

Version: 0.3.0
Check: LazyData
Result: NOTE
     'LazyData' is specified without a 'data' directory
Flavors: r-devel-linux-x86_64-debian-clang, r-devel-linux-x86_64-debian-gcc, r-devel-linux-x86_64-fedora-clang, r-devel-linux-x86_64-fedora-gcc, r-devel-windows-x86_64, r-patched-linux-x86_64, r-release-linux-x86_64, r-release-macos-arm64, r-release-macos-x86_64, r-release-windows-x86_64, r-oldrel-macos-arm64, r-oldrel-macos-x86_64, r-oldrel-windows-ix86+x86_64