CRAN Package Check Results for Package peRiodiCS

Last updated on 2022-05-17 05:52:54 CEST.

Flavor Version Tinstall Tcheck Ttotal Status Flags
r-devel-linux-x86_64-debian-clang 0.5.0 11.63 122.95 134.58 OK
r-devel-linux-x86_64-debian-gcc 0.5.0 9.29 89.35 98.64 OK
r-devel-linux-x86_64-fedora-clang 0.5.0 158.29 NOTE
r-devel-linux-x86_64-fedora-gcc 0.5.0 153.08 NOTE
r-devel-windows-x86_64 0.5.0 22.00 127.00 149.00 OK
r-patched-linux-x86_64 0.5.0 10.90 111.80 122.70 OK
r-release-linux-x86_64 0.5.0 7.65 110.77 118.42 OK
r-release-macos-arm64 0.5.0 42.00 NOTE
r-release-macos-x86_64 0.5.0 74.00 NOTE
r-release-windows-x86_64 0.5.0 25.00 129.00 154.00 OK
r-oldrel-macos-arm64 0.5.0 46.00 NOTE
r-oldrel-macos-x86_64 0.5.0 63.00 NOTE
r-oldrel-windows-ix86+x86_64 0.5.0 29.00 127.00 156.00 OK

Check Details

Version: 0.5.0
Check: dependencies in R code
Result: NOTE
    Namespace in Imports field not imported from: ‘rms’
     All declared Imports should be used.
Flavors: r-devel-linux-x86_64-fedora-clang, r-devel-linux-x86_64-fedora-gcc, r-release-macos-arm64, r-release-macos-x86_64, r-oldrel-macos-arm64, r-oldrel-macos-x86_64